{"id":6667,"date":"2022-06-04T12:55:14","date_gmt":"2022-06-04T10:55:14","guid":{"rendered":"https:\/\/wptest.divikom.eu\/p\/schliessfaecher-mit-muenzpfandschloss-plexiglastueren\/"},"modified":"2026-08-28T12:59:46","modified_gmt":"2026-08-28T10:59:46","slug":"schliessfaecher-mit-muenzpfandschloss-plexiglastueren","status":"publish","type":"product","link":"https:\/\/www.divikom.eu\/de\/p\/schliessfaecher-mit-muenzpfandschloss-plexiglastueren\/","title":{"rendered":"Schlie\u00dff\u00e4cher mit M\u00fcnzpfandschloss Plexiglast\u00fcren"},"content":{"rendered":"<p>1800x900x500 mm (HxBxT), F\u00e4cherschrank mit 9 verschlie\u00dfbaren F\u00e4chern, punktgeschwei\u00dfte Stahlblechkonstruktion, mit hochwertiger Pulverbeschichtung, T\u00fcren mit Sicherheitsglas, Glas in Stahlrahmen eingesetzt, T\u00fcren rechts angeschlagen, in Drehbolzen gelagert, T\u00fcr\u00f6ffnungsbegrenzer, Verschluss: M\u00fcnzpfandschloss mit 2 Schl\u00fcsseln, Farbe: Korpus lichtgrau RAL7035 \/ T\u00fcren w\u00e4hlbar<\/p>\n","protected":false},"excerpt":{"rendered":"<p>1800x900x500 mm (HxBxT), F\u00e4cherschrank mit 9 verschlie\u00dfbaren F\u00e4chern, punktgeschwei\u00dfte Stahlblechkonstruktion, mit hochwertiger Pulverbeschichtung, T\u00fcren mit Sicherheitsglas, Glas in Stahlrahmen eingesetzt, T\u00fcren rechts angeschlagen, in Drehbolzen gelagert, T\u00fcr\u00f6ffnungsbegrenzer, Verschluss: M\u00fcnzpfandschloss mit 2 Schl\u00fcsseln, Farbe: Korpus lichtgrau RAL7035 \/ T\u00fcren w\u00e4hlbar<\/p>\n","protected":false},"featured_media":6116,"comment_status":"open","ping_status":"closed","template":"","meta":[],"product_brand":[544],"product_cat":[327],"product_tag":[],"class_list":["post-6667","product","type-product","status-publish","has-post-thumbnail","product_brand-divikom-stahlmoebel","product_cat-schliessfaecher-plexi","pa_abteilbreite-300-mm","pa_anzahl-abteile-92","pa_breite-900-mm","pa_faecher-pro-abteil-96","pa_hoehe-1800-mm","pa_tuer-farbe-ral5012","pa_tuer-farbe-ral3000","pa_tuer-farbe-ral1023","pa_tuer-farbe-ral2004","pa_tuer-farbe-ral5009","pa_tuer-farbe-ral5010","pa_tuer-farbe-ral6024","pa_tuer-farbe-ral7016","pa_tuer-farbe-ral7035","first","instock","taxable","shipping-taxable","purchasable","product-type-variable","has-default-attributes"],"_links":{"self":[{"href":"https:\/\/www.divikom.eu\/de\/wp-json\/wp\/v2\/product\/6667","targetHints":{"allow":["GET"]}}],"collection":[{"href":"https:\/\/www.divikom.eu\/de\/wp-json\/wp\/v2\/product"}],"about":[{"href":"https:\/\/www.divikom.eu\/de\/wp-json\/wp\/v2\/types\/product"}],"replies":[{"embeddable":true,"href":"https:\/\/www.divikom.eu\/de\/wp-json\/wp\/v2\/comments?post=6667"}],"wp:featuredmedia":[{"embeddable":true,"href":"https:\/\/www.divikom.eu\/de\/wp-json\/wp\/v2\/media\/6116"}],"wp:attachment":[{"href":"https:\/\/www.divikom.eu\/de\/wp-json\/wp\/v2\/media?parent=6667"}],"wp:term":[{"taxonomy":"product_brand","embeddable":true,"href":"https:\/\/www.divikom.eu\/de\/wp-json\/wp\/v2\/product_brand?post=6667"},{"taxonomy":"product_cat","embeddable":true,"href":"https:\/\/www.divikom.eu\/de\/wp-json\/wp\/v2\/product_cat?post=6667"},{"taxonomy":"product_tag","embeddable":true,"href":"https:\/\/www.divikom.eu\/de\/wp-json\/wp\/v2\/product_tag?post=6667"}],"curies":[{"name":"wp","href":"https:\/\/api.w.org\/{rel}","templated":true}]}}

Schließfächer mit Münzpfandschloss Plexiglastüren

<p>1800x900x500 mm (HxBxT), Fächerschrank mit 9 verschließbaren Fächern, punktgeschweißte Stahlblechkonstruktion, mit hochwertiger Pulverbeschichtung, Türen mit Sicherheitsglas, Glas in Stahlrahmen eingesetzt, Türen rechts angeschlagen, in Drehbolzen gelagert, Türöffnungsbegrenzer, Verschluss: Münzpfandschloss mit 2 Schlüsseln, Farbe: Korpus lichtgrau RAL7035 / Türen wählbar</p>
