{"id":6287,"date":"2022-06-04T09:42:22","date_gmt":"2022-06-04T07:42:22","guid":{"rendered":"https:\/\/wptest.divikom.eu\/p\/schliessfaecherschrank-mit-glastueren\/"},"modified":"2026-08-28T12:59:47","modified_gmt":"2026-08-28T10:59:47","slug":"schliessfaecherschrank-mit-glastueren","status":"publish","type":"product","link":"https:\/\/www.divikom.eu\/de\/p\/schliessfaecherschrank-mit-glastueren\/","title":{"rendered":"Schlie\u00dff\u00e4cherschrank mit Glast\u00fcren 9 F\u00e4cher"},"content":{"rendered":"<p>1800x900x500 mm (HxBxT), F\u00e4cherschrank mit 9 verschlie\u00dfbaren F\u00e4chern, punktgeschwei\u00dfte Stahlblechkonstruktion, mit hochwertiger Pulverbeschichtung, T\u00fcren mit Sicherheitsglas, Glas in Stahlrahmen eingesetzt, T\u00fcren rechts angeschlagen, in Drehbolzen gelagert, T\u00fcr\u00f6ffnungsbegrenzer, Verschluss: Zylinderschloss mit 2 Schl\u00fcsseln oder Sicherheitsdrehriegelverschluss f\u00fcr Vorh\u00e4ngeschloss, Farbe: Korpus lichtgrau RAL7035 \/ T\u00fcren w\u00e4hlbar<\/p>\n","protected":false},"excerpt":{"rendered":"<p>1800x900x500 mm (HxBxT), F\u00e4cherschrank mit 9 verschlie\u00dfbaren F\u00e4chern, punktgeschwei\u00dfte Stahlblechkonstruktion, mit hochwertiger Pulverbeschichtung, T\u00fcren mit Sicherheitsglas, Glas in Stahlrahmen eingesetzt, T\u00fcren rechts angeschlagen, in Drehbolzen gelagert, T\u00fcr\u00f6ffnungsbegrenzer, Verschluss: Zylinderschloss mit 2 Schl\u00fcsseln oder Sicherheitsdrehriegelverschluss f\u00fcr Vorh\u00e4ngeschloss, Farbe: Korpus lichtgrau RAL7035 \/ T\u00fcren w\u00e4hlbar<\/p>\n","protected":false},"featured_media":6114,"comment_status":"open","ping_status":"closed","template":"","meta":[],"product_brand":[544],"product_cat":[327],"product_tag":[],"class_list":["post-6287","product","type-product","status-publish","has-post-thumbnail","product_brand-divikom-stahlmoebel","product_cat-schliessfaecher-plexi","pa_abteilbreite-300-mm","pa_anzahl-abteile-92","pa_breite-900-mm","pa_faecher-pro-abteil-96","pa_hoehe-1800-mm","pa_tuer-farbe-ral3000","pa_tuer-farbe-ral1023","pa_tuer-farbe-ral2004","pa_tuer-farbe-ral5009","pa_tuer-farbe-ral5010","pa_tuer-farbe-ral6024","pa_tuer-farbe-ral7035","pa_tuer-farbe-ral7016","pa_tuer-farbe-ral5012","pa_verschluss-zylinderschloss","pa_verschluss-drehriegelverschluss","first","instock","taxable","shipping-taxable","purchasable","product-type-variable","has-default-attributes"],"_links":{"self":[{"href":"https:\/\/www.divikom.eu\/de\/wp-json\/wp\/v2\/product\/6287","targetHints":{"allow":["GET"]}}],"collection":[{"href":"https:\/\/www.divikom.eu\/de\/wp-json\/wp\/v2\/product"}],"about":[{"href":"https:\/\/www.divikom.eu\/de\/wp-json\/wp\/v2\/types\/product"}],"replies":[{"embeddable":true,"href":"https:\/\/www.divikom.eu\/de\/wp-json\/wp\/v2\/comments?post=6287"}],"wp:featuredmedia":[{"embeddable":true,"href":"https:\/\/www.divikom.eu\/de\/wp-json\/wp\/v2\/media\/6114"}],"wp:attachment":[{"href":"https:\/\/www.divikom.eu\/de\/wp-json\/wp\/v2\/media?parent=6287"}],"wp:term":[{"taxonomy":"product_brand","embeddable":true,"href":"https:\/\/www.divikom.eu\/de\/wp-json\/wp\/v2\/product_brand?post=6287"},{"taxonomy":"product_cat","embeddable":true,"href":"https:\/\/www.divikom.eu\/de\/wp-json\/wp\/v2\/product_cat?post=6287"},{"taxonomy":"product_tag","embeddable":true,"href":"https:\/\/www.divikom.eu\/de\/wp-json\/wp\/v2\/product_tag?post=6287"}],"curies":[{"name":"wp","href":"https:\/\/api.w.org\/{rel}","templated":true}]}}

Schließfächerschrank mit Glastüren 9 Fächer

<p>1800x900x500 mm (HxBxT), Fächerschrank mit 9 verschließbaren Fächern, punktgeschweißte Stahlblechkonstruktion, mit hochwertiger Pulverbeschichtung, Türen mit Sicherheitsglas, Glas in Stahlrahmen eingesetzt, Türen rechts angeschlagen, in Drehbolzen gelagert, Türöffnungsbegrenzer, Verschluss: Zylinderschloss mit 2 Schlüsseln oder Sicherheitsdrehriegelverschluss für Vorhängeschloss, Farbe: Korpus lichtgrau RAL7035 / Türen wählbar</p>
