{"id":14629,"date":"2025-04-18T19:18:52","date_gmt":"2025-04-18T17:18:52","guid":{"rendered":"https:\/\/wptest.divikom.eu\/p\/werktisch-5-schubladen-200-mm\/"},"modified":"2026-08-28T12:51:53","modified_gmt":"2026-08-28T10:51:53","slug":"werktisch-5-schubladen-2000-mm","status":"publish","type":"product","link":"https:\/\/www.divikom.eu\/de\/p\/werktisch-5-schubladen-2000-mm\/","title":{"rendered":"Werktisch 5 Schubladen 2000 mm"},"content":{"rendered":"<p>880x2000x700 mm (HxBxT), Tischplatte aus massiver, wasserfest verleimter Buchenholzplatte, 40 mm stark, Schr\u00e4gkanten, mit Lein\u00f6lfirnis behandelt, 1x Fu\u00df unverstellbar, H\u00f6he der Tischarbeitsfl\u00e4che ist 880 mm (HxBxT), 1x DKU17U5AS &#8211; universeller Werkstatt-Schubladenschrank mit 5 Schubladen 24Dx27D, 1x 2U, 2x 3U, 1x 4U, 1x 5U, 100% Auszug, Tragf\u00e4higkeit 40 kg, Zentralverschluss mit Zylinderschloss, komfortable AL Griffleisten mit Beschriftungsfeld, Farbe: F\u00fc\u00dfe lichtgrau RAL7035, Schubladen w\u00e4hlbar, pulverbeschichtet<\/p>\n","protected":false},"excerpt":{"rendered":"<p>880x2000x700 mm (HxBxT), Tischplatte aus massiver, wasserfest verleimter Buchenholzplatte, 40 mm stark, Schr\u00e4gkanten, mit Lein\u00f6lfirnis behandelt, 1x Fu\u00df unverstellbar, H\u00f6he der Tischarbeitsfl\u00e4che ist 880 mm (HxBxT), 1x DKU17U5AS &#8211; universeller Werkstatt-Schubladenschrank mit 5 Schubladen 24Dx27D, 1x 2U, 2x 3U, 1x 4U, 1x 5U, 100% Auszug, Tragf\u00e4higkeit 40 kg, Zentralverschluss mit Zylinderschloss, komfortable AL Griffleisten mit Beschriftungsfeld, Farbe: F\u00fc\u00dfe lichtgrau RAL7035, Schubladen w\u00e4hlbar, pulverbeschichtet<\/p>\n","protected":false},"featured_media":17695,"comment_status":"open","ping_status":"closed","template":"","meta":[],"product_brand":[544],"product_cat":[571],"product_tag":[],"class_list":["post-14629","product","type-product","status-publish","has-post-thumbnail","product_brand-divikom-stahlmoebel","product_cat-werktische-dpb","pa_auszug-100-auszug-traglast-40-kg","pa_breite-2000-mm","pa_hoehe-506","pa_tuer-farbe-ral6024","pa_tuer-farbe-ral7016","pa_tuer-farbe-ral7035","pa_tuer-farbe-ral5012","pa_tuer-farbe-ral3000","pa_tuer-farbe-ral1023","pa_tuer-farbe-ral2004","pa_tuer-farbe-ral5009","pa_tuer-farbe-ral5010","first","instock","taxable","shipping-taxable","purchasable","product-type-variable","has-default-attributes"],"_links":{"self":[{"href":"https:\/\/www.divikom.eu\/de\/wp-json\/wp\/v2\/product\/14629","targetHints":{"allow":["GET"]}}],"collection":[{"href":"https:\/\/www.divikom.eu\/de\/wp-json\/wp\/v2\/product"}],"about":[{"href":"https:\/\/www.divikom.eu\/de\/wp-json\/wp\/v2\/types\/product"}],"replies":[{"embeddable":true,"href":"https:\/\/www.divikom.eu\/de\/wp-json\/wp\/v2\/comments?post=14629"}],"wp:featuredmedia":[{"embeddable":true,"href":"https:\/\/www.divikom.eu\/de\/wp-json\/wp\/v2\/media\/17695"}],"wp:attachment":[{"href":"https:\/\/www.divikom.eu\/de\/wp-json\/wp\/v2\/media?parent=14629"}],"wp:term":[{"taxonomy":"product_brand","embeddable":true,"href":"https:\/\/www.divikom.eu\/de\/wp-json\/wp\/v2\/product_brand?post=14629"},{"taxonomy":"product_cat","embeddable":true,"href":"https:\/\/www.divikom.eu\/de\/wp-json\/wp\/v2\/product_cat?post=14629"},{"taxonomy":"product_tag","embeddable":true,"href":"https:\/\/www.divikom.eu\/de\/wp-json\/wp\/v2\/product_tag?post=14629"}],"curies":[{"name":"wp","href":"https:\/\/api.w.org\/{rel}","templated":true}]}}

<p>880x2000x700 mm (HxBxT), Tischplatte aus massiver, wasserfest verleimter Buchenholzplatte, 40 mm stark, Schrägkanten, mit Leinölfirnis behandelt, 1x Fuß unverstellbar, Höhe der Tischarbeitsfläche ist 880 mm (HxBxT), 1x DKU17U5AS &#8211; universeller Werkstatt-Schubladenschrank mit 5 Schubladen 24Dx27D, 1x 2U, 2x 3U, 1x 4U, 1x 5U, 100% Auszug, Tragfähigkeit 40 kg, Zentralverschluss mit Zylinderschloss, komfortable AL Griffleisten mit Beschriftungsfeld, Farbe: Füße lichtgrau RAL7035, Schubladen wählbar, pulverbeschichtet</p>
