{"id":14095,"date":"2025-04-18T17:55:04","date_gmt":"2025-04-18T15:55:04","guid":{"rendered":"https:\/\/wptest.divikom.eu\/p\/werkzeugschrank-niedrig-117-cm-1-fachboden-3-schubladen\/"},"modified":"2026-08-28T12:52:00","modified_gmt":"2026-08-28T10:52:00","slug":"werkzeugschrank-niedrig-117-cm-1-fachboden-3-schubladen","status":"publish","type":"product","link":"https:\/\/www.divikom.eu\/de\/p\/werkzeugschrank-niedrig-117-cm-1-fachboden-3-schubladen\/","title":{"rendered":"Werkzeugschrank niedrig 117 cm 1 Fachboden + 3 Schubladen"},"content":{"rendered":"<p>Werkzeugschrank, Ma\u00dfe: 1170x490x500 mm (HxBxT), Abstellfl\u00e4che mit Gummif\u00fcllung und Rahmen, 1 Fachboden, Tragf\u00e4higkeit 80 kg\/Fachboden, in Raster von 25 mm verstellbar, Schubladen 2x 2U, 1x 4U, Tragf\u00e4higkeit 40 kg, 100% Auszug, doppelwandige T\u00fcr mit Zylinderschloss und Dreipunkt-Schlie\u00dfmechanismus, Farbe Korpus lichtgrau RAL7035, T\u00fcren\/Schubladenfronten w\u00e4hlbar, pulverbeschichtet<\/p>\n","protected":false},"excerpt":{"rendered":"<p>Werkzeugschrank, Ma\u00dfe: 1170x490x500 mm (HxBxT), Abstellfl\u00e4che mit Gummif\u00fcllung und Rahmen, 1 Fachboden, Tragf\u00e4higkeit 80 kg\/Fachboden, in Raster von 25 mm verstellbar, Schubladen 2x 2U, 1x 4U, Tragf\u00e4higkeit 40 kg, 100% Auszug, doppelwandige T\u00fcr mit Zylinderschloss und Dreipunkt-Schlie\u00dfmechanismus, Farbe Korpus lichtgrau RAL7035, T\u00fcren\/Schubladenfronten w\u00e4hlbar, pulverbeschichtet<\/p>\n","protected":false},"featured_media":14096,"comment_status":"open","ping_status":"open","template":"","meta":[],"product_brand":[544],"product_cat":[563],"product_tag":[],"class_list":["post-14095","product","type-product","status-publish","has-post-thumbnail","product_brand-divikom-stahlmoebel","product_cat-werkzeugschraenke-dsu-b49","pa_auszug-100-auszug-traglast-40-kg","pa_breite-562","pa_hoehe-1170-mm","pa_tuer-farbe-ral1023","pa_tuer-farbe-ral2004","pa_tuer-farbe-ral5009","pa_tuer-farbe-ral5010","pa_tuer-farbe-ral6024","pa_tuer-farbe-ral7016","pa_tuer-farbe-ral7035","pa_tuer-farbe-ral5012","pa_tuer-farbe-ral3000","first","instock","taxable","shipping-taxable","purchasable","product-type-variable"],"_links":{"self":[{"href":"https:\/\/www.divikom.eu\/de\/wp-json\/wp\/v2\/product\/14095","targetHints":{"allow":["GET"]}}],"collection":[{"href":"https:\/\/www.divikom.eu\/de\/wp-json\/wp\/v2\/product"}],"about":[{"href":"https:\/\/www.divikom.eu\/de\/wp-json\/wp\/v2\/types\/product"}],"replies":[{"embeddable":true,"href":"https:\/\/www.divikom.eu\/de\/wp-json\/wp\/v2\/comments?post=14095"}],"wp:featuredmedia":[{"embeddable":true,"href":"https:\/\/www.divikom.eu\/de\/wp-json\/wp\/v2\/media\/14096"}],"wp:attachment":[{"href":"https:\/\/www.divikom.eu\/de\/wp-json\/wp\/v2\/media?parent=14095"}],"wp:term":[{"taxonomy":"product_brand","embeddable":true,"href":"https:\/\/www.divikom.eu\/de\/wp-json\/wp\/v2\/product_brand?post=14095"},{"taxonomy":"product_cat","embeddable":true,"href":"https:\/\/www.divikom.eu\/de\/wp-json\/wp\/v2\/product_cat?post=14095"},{"taxonomy":"product_tag","embeddable":true,"href":"https:\/\/www.divikom.eu\/de\/wp-json\/wp\/v2\/product_tag?post=14095"}],"curies":[{"name":"wp","href":"https:\/\/api.w.org\/{rel}","templated":true}]}}

<p>Werkzeugschrank, Maße: 1170x490x500 mm (HxBxT), Abstellfläche mit Gummifüllung und Rahmen, 1 Fachboden, Tragfähigkeit 80 kg/Fachboden, in Raster von 25 mm verstellbar, Schubladen 2x 2U, 1x 4U, Tragfähigkeit 40 kg, 100% Auszug, doppelwandige Tür mit Zylinderschloss und Dreipunkt-Schließmechanismus, Farbe Korpus lichtgrau RAL7035, Türen/Schubladenfronten wählbar, pulverbeschichtet</p>
