{"id":14040,"date":"2025-04-18T17:53:07","date_gmt":"2025-04-18T15:53:07","guid":{"rendered":"https:\/\/wptest.divikom.eu\/p\/werkzeugschrank-195x49x50-cm-2-fachboeden-2-schubladen\/"},"modified":"2026-08-28T12:52:01","modified_gmt":"2026-08-28T10:52:01","slug":"werkzeugschrank-195x49x50-cm-2-fachboeden-2-schubladen","status":"publish","type":"product","link":"https:\/\/www.divikom.eu\/de\/p\/werkzeugschrank-195x49x50-cm-2-fachboeden-2-schubladen\/","title":{"rendered":"Werkzeugschrank 195x49x50 cm 2 Fachb\u00f6den 2 Schubladen"},"content":{"rendered":"<p>Werkzeugschrank, Ma\u00dfe: 1950x490x500 mm (HxBxT), 2 Fachb\u00f6den, Tragf\u00e4higkeit 80 kg\/Fachboden, in Raster von 25 mm verstellbar, im oberen Teil der Hinterwand gelochte Platte EUROPERFO f\u00fcr Werkzeughalter, Schubladen 2x 2U, Tragf\u00e4higkeit 40 kg, 100% Auszug, doppelwandige T\u00fcr mit Zylinderschloss und Dreipunkt-Schlie\u00dfmechanismus, Farbe Korpus lichtgrau RAL7035, T\u00fcren\/Schubladenfronten w\u00e4hlbar, pulverbeschichtet<\/p>\n","protected":false},"excerpt":{"rendered":"<p>Werkzeugschrank, Ma\u00dfe: 1950x490x500 mm (HxBxT), 2 Fachb\u00f6den, Tragf\u00e4higkeit 80 kg\/Fachboden, in Raster von 25 mm verstellbar, im oberen Teil der Hinterwand gelochte Platte EUROPERFO f\u00fcr Werkzeughalter, Schubladen 2x 2U, Tragf\u00e4higkeit 40 kg, 100% Auszug, doppelwandige T\u00fcr mit Zylinderschloss und Dreipunkt-Schlie\u00dfmechanismus, Farbe Korpus lichtgrau RAL7035, T\u00fcren\/Schubladenfronten w\u00e4hlbar, pulverbeschichtet<\/p>\n","protected":false},"featured_media":14041,"comment_status":"open","ping_status":"open","template":"","meta":[],"product_brand":[544],"product_cat":[563],"product_tag":[],"class_list":["post-14040","product","type-product","status-publish","has-post-thumbnail","product_brand-divikom-stahlmoebel","product_cat-werkzeugschraenke-dsu-b49","pa_auszug-100-auszug-traglast-40-kg","pa_breite-562","pa_hoehe-406","pa_tuer-farbe-ral5012","pa_tuer-farbe-ral3000","pa_tuer-farbe-ral1023","pa_tuer-farbe-ral2004","pa_tuer-farbe-ral5009","pa_tuer-farbe-ral5010","pa_tuer-farbe-ral6024","pa_tuer-farbe-ral7016","pa_tuer-farbe-ral7035","first","instock","taxable","shipping-taxable","purchasable","product-type-variable"],"_links":{"self":[{"href":"https:\/\/www.divikom.eu\/de\/wp-json\/wp\/v2\/product\/14040","targetHints":{"allow":["GET"]}}],"collection":[{"href":"https:\/\/www.divikom.eu\/de\/wp-json\/wp\/v2\/product"}],"about":[{"href":"https:\/\/www.divikom.eu\/de\/wp-json\/wp\/v2\/types\/product"}],"replies":[{"embeddable":true,"href":"https:\/\/www.divikom.eu\/de\/wp-json\/wp\/v2\/comments?post=14040"}],"wp:featuredmedia":[{"embeddable":true,"href":"https:\/\/www.divikom.eu\/de\/wp-json\/wp\/v2\/media\/14041"}],"wp:attachment":[{"href":"https:\/\/www.divikom.eu\/de\/wp-json\/wp\/v2\/media?parent=14040"}],"wp:term":[{"taxonomy":"product_brand","embeddable":true,"href":"https:\/\/www.divikom.eu\/de\/wp-json\/wp\/v2\/product_brand?post=14040"},{"taxonomy":"product_cat","embeddable":true,"href":"https:\/\/www.divikom.eu\/de\/wp-json\/wp\/v2\/product_cat?post=14040"},{"taxonomy":"product_tag","embeddable":true,"href":"https:\/\/www.divikom.eu\/de\/wp-json\/wp\/v2\/product_tag?post=14040"}],"curies":[{"name":"wp","href":"https:\/\/api.w.org\/{rel}","templated":true}]}}

Werkzeugschrank 195x49x50 cm 2 Fachböden 2 Schubladen

<p>Werkzeugschrank, Maße: 1950x490x500 mm (HxBxT), 2 Fachböden, Tragfähigkeit 80 kg/Fachboden, in Raster von 25 mm verstellbar, im oberen Teil der Hinterwand gelochte Platte EUROPERFO für Werkzeughalter, Schubladen 2x 2U, Tragfähigkeit 40 kg, 100% Auszug, doppelwandige Tür mit Zylinderschloss und Dreipunkt-Schließmechanismus, Farbe Korpus lichtgrau RAL7035, Türen/Schubladenfronten wählbar, pulverbeschichtet</p>
