{"id":14531,"date":"2025-04-18T19:16:50","date_gmt":"2025-04-18T17:16:50","guid":{"rendered":"https:\/\/wptest.divikom.eu\/p\/werktisch-mit-tuerenschrank-200-cm\/"},"modified":"2026-08-28T12:51:54","modified_gmt":"2026-08-28T10:51:54","slug":"arbejdsbord-med-dorskab-200-cm","status":"publish","type":"product","link":"https:\/\/www.divikom.eu\/da\/p\/werktisch-mit-tuerenschrank-200-cm\/","title":{"rendered":"Arbejdsb\u00e6nk med d\u00f8rskab 200 cm"},"content":{"rendered":"<p>880x2000x700 mm (HxBxD), vandfast massiv b\u00f8getr\u00e6splade, 40 mm tyk, fasede kanter, behandlet med linolielak, bordpladens h\u00f8jde er 880 mm (HxBxD), 2x DKU17U1D- universal v\u00e6rkstedsskuffeskab, d\u00f8r 17U, EUROPERFO-panel p\u00e5 indersiden af d\u00f8ren, l\u00e5s med cylinderl\u00e5s, 2 hylder justerbare i trin p\u00e5 25 mm med en belastningskapacitet p\u00e5 40 kg, farve: F\u00f8dder\/korpus lysegr\u00e5 RAL7035, d\u00f8r\/skuffer kan v\u00e6lges, pulverlakeret<\/p>","protected":false},"excerpt":{"rendered":"<p>880x2000x700 mm (HxBxD), vandfast massiv b\u00f8getr\u00e6splade, 40 mm tyk, fasede kanter, behandlet med linolielak, bordpladens h\u00f8jde er 880 mm (HxBxD), 2x DKU17U1D- universal v\u00e6rkstedsskuffeskab, d\u00f8r 17U, EUROPERFO-panel p\u00e5 indersiden af d\u00f8ren, l\u00e5s med cylinderl\u00e5s, 2 hylder justerbare i trin p\u00e5 25 mm med en belastningskapacitet p\u00e5 40 kg, farve: F\u00f8dder\/korpus lysegr\u00e5 RAL7035, d\u00f8r\/skuffer kan v\u00e6lges, pulverlakeret<\/p>","protected":false},"featured_media":17657,"comment_status":"open","ping_status":"open","template":"","meta":[],"product_brand":[544],"product_cat":[571],"product_tag":[],"class_list":["post-14531","product","type-product","status-publish","has-post-thumbnail","product_brand-divikom-stahlmoebel","product_cat-werktische-dpb","pa_breite-2000-mm","pa_hoehe-506","pa_tuer-farbe-ral7035","pa_tuer-farbe-ral5012","pa_tuer-farbe-ral3000","pa_tuer-farbe-ral1023","pa_tuer-farbe-ral2004","pa_tuer-farbe-ral5009","pa_tuer-farbe-ral5010","pa_tuer-farbe-ral6024","pa_tuer-farbe-ral7016","first","instock","taxable","shipping-taxable","purchasable","product-type-variable","has-default-attributes"],"_links":{"self":[{"href":"https:\/\/www.divikom.eu\/da\/wp-json\/wp\/v2\/product\/14531","targetHints":{"allow":["GET"]}}],"collection":[{"href":"https:\/\/www.divikom.eu\/da\/wp-json\/wp\/v2\/product"}],"about":[{"href":"https:\/\/www.divikom.eu\/da\/wp-json\/wp\/v2\/types\/product"}],"replies":[{"embeddable":true,"href":"https:\/\/www.divikom.eu\/da\/wp-json\/wp\/v2\/comments?post=14531"}],"wp:featuredmedia":[{"embeddable":true,"href":"https:\/\/www.divikom.eu\/da\/wp-json\/wp\/v2\/media\/17657"}],"wp:attachment":[{"href":"https:\/\/www.divikom.eu\/da\/wp-json\/wp\/v2\/media?parent=14531"}],"wp:term":[{"taxonomy":"product_brand","embeddable":true,"href":"https:\/\/www.divikom.eu\/da\/wp-json\/wp\/v2\/product_brand?post=14531"},{"taxonomy":"product_cat","embeddable":true,"href":"https:\/\/www.divikom.eu\/da\/wp-json\/wp\/v2\/product_cat?post=14531"},{"taxonomy":"product_tag","embeddable":true,"href":"https:\/\/www.divikom.eu\/da\/wp-json\/wp\/v2\/product_tag?post=14531"}],"curies":[{"name":"wp","href":"https:\/\/api.w.org\/{rel}","templated":true}]}}

Arbejdsbænk med dørskab 200 cm

<p>880x2000x700 mm (HxBxD), vandfast massiv bøgetræsplade, 40 mm tyk, fasede kanter, behandlet med linolielak, bordpladens højde er 880 mm (HxBxD), 2x DKU17U1D- universal værkstedsskuffeskab, dør 17U, EUROPERFO-panel på indersiden af døren, lås med cylinderlås, 2 hylder justerbare i trin på 25 mm med en belastningskapacitet på 40 kg, farve: Fødder/korpus lysegrå RAL7035, dør/skuffer kan vælges, pulverlakeret</p>
