{"id":9567,"date":"2025-12-14T11:34:15","date_gmt":"2025-12-14T10:34:15","guid":{"rendered":"https:\/\/wptest.divikom.eu\/p\/profi-werkbank-mit-buchenplatte-schubladenschrank-und-tuerschrank-verstellbare-fachboeden-880x1500x700-mm\/"},"modified":"2026-08-28T12:55:03","modified_gmt":"2026-08-28T10:55:03","slug":"profesionalni-pracovni-ponk-s-bukovou-deskou-zasuvkovou-skrinkou-a-skrinkou-s-dvirky-nastavitelnymi-policemi-880-x-1500-x-700-mm","status":"publish","type":"product","link":"https:\/\/www.divikom.eu\/cs\/p\/profi-werkbank-mit-buchenplatte-schubladenschrank-und-tuerschrank-verstellbare-fachboeden-880x1500x700-mm\/","title":{"rendered":"Profesion\u00e1ln\u00ed pracovn\u00ed ponk s bukovou deskou, z\u00e1suvkovou sk\u0159\u00ed\u0148kou a sk\u0159\u00ed\u0148kou s dv\u00ed\u0159ky, v\u00fd\u0161kov\u011b staviteln\u00e9 police, 880 \u00d7 1500 \u00d7 700 mm"},"content":{"rendered":"<p>880 \u00d7 1500 \u00d7 700 mm, vod\u011bodoln\u00e1 masivn\u00ed bukov\u00e1 deska, tlou\u0161\u0165ka 40 mm, zkosen\u00e9 hrany, o\u0161et\u0159eno ln\u011bnou ferme\u017e\u00ed, 1\u00d7 DKP272717U4 \u2013 profesion\u00e1ln\u00ed z\u00e1suvkov\u00e1 sk\u0159\u00ed\u0148 se z\u00e1suvkami: 1\u00d7 z\u00e1suvka 2U, 1\u00d7 z\u00e1suvka 4U, 1\u00d7 z\u00e1suvka 5U, 1\u00d7 z\u00e1suvka 6U, varianta A \u2013 v\u00fdsuv 80%, nosnost 90 kg\/z\u00e1suvku, varianta B \u2013 v\u00fdsuv 100%, nosnost 65 kg\/z\u00e1suvku, centr\u00e1ln\u00ed zamyk\u00e1n\u00ed cylindrick\u00fdm z\u00e1mkem, ochrana proti p\u0159evr\u00e1cen\u00ed, komfortn\u00ed hlin\u00edkov\u00e9 \u00fachytov\u00e9 li\u0161ty s popisov\u00fdm polem, 1\u00d7 DKP272717U1D \u2013 profesion\u00e1ln\u00ed z\u00e1suvkov\u00e1 sk\u0159\u00ed\u0148, dve\u0159e 17U s komfortn\u00ed hlin\u00edkovou \u00fachytovou li\u0161tou s popisov\u00fdm polem, na vnit\u0159n\u00ed stran\u011b dve\u0159\u00ed deska EUROPERFO, zamyk\u00e1n\u00ed cylindrick\u00fdm z\u00e1mkem, magnetick\u00fd dr\u017e\u00e1k pro nezam\u010den\u00e9 dve\u0159e, 2 police v\u00fd\u0161kov\u011b nastaviteln\u00e9 v rastru 25 cm s nosnost\u00ed 50 kg\/polici, barva korpusu\/nohou sv\u011btle \u0161ed\u00e1 RAL7035, \u010dela z\u00e1suvek\/dve\u0159e voliteln\u011b dle v\u00fdb\u011bru<\/p>","protected":false},"excerpt":{"rendered":"<p>880 \u00d7 1500 \u00d7 700 mm, vod\u011bodoln\u00e1 masivn\u00ed bukov\u00e1 deska, tlou\u0161\u0165ka 40 mm, zkosen\u00e9 hrany, o\u0161et\u0159eno ln\u011bnou ferme\u017e\u00ed, 1\u00d7 DKP272717U4 \u2013 profesion\u00e1ln\u00ed z\u00e1suvkov\u00e1 sk\u0159\u00ed\u0148 se z\u00e1suvkami: 1\u00d7 z\u00e1suvka 2U, 1\u00d7 z\u00e1suvka 4U, 1\u00d7 z\u00e1suvka 5U, 1\u00d7 z\u00e1suvka 6U, varianta A \u2013 v\u00fdsuv 80%, nosnost 90 kg\/z\u00e1suvku, varianta B \u2013 v\u00fdsuv 100%, nosnost 65 kg\/z\u00e1suvku, centr\u00e1ln\u00ed zamyk\u00e1n\u00ed cylindrick\u00fdm z\u00e1mkem, ochrana proti p\u0159evr\u00e1cen\u00ed, komfortn\u00ed hlin\u00edkov\u00e9 \u00fachytov\u00e9 li\u0161ty s popisov\u00fdm polem, 1\u00d7 DKP272717U1D \u2013 profesion\u00e1ln\u00ed z\u00e1suvkov\u00e1 sk\u0159\u00ed\u0148, dve\u0159e 17U s komfortn\u00ed hlin\u00edkovou \u00fachytovou li\u0161tou s popisov\u00fdm polem, na vnit\u0159n\u00ed stran\u011b dve\u0159\u00ed deska EUROPERFO, zamyk\u00e1n\u00ed cylindrick\u00fdm z\u00e1mkem, magnetick\u00fd dr\u017e\u00e1k pro nezam\u010den\u00e9 dve\u0159e, 2 police v\u00fd\u0161kov\u011b nastaviteln\u00e9 v rastru 25 cm s nosnost\u00ed 50 kg\/polici, barva korpusu\/nohou sv\u011btle \u0161ed\u00e1 RAL7035, \u010dela z\u00e1suvek\/dve\u0159e voliteln\u011b dle v\u00fdb\u011bru<\/p>","protected":false},"featured_media":12476,"comment_status":"closed","ping_status":"open","template":"","meta":[],"product_brand":[544],"product_cat":[445],"product_tag":[],"class_list":["post-9567","product","type-product","status-publish","has-post-thumbnail","product_brand-divikom-stahlmoebel","product_cat-werkbaenke-dpa150","pa_auszug-100-auszug-traglast-65-kg","pa_auszug-80-auszug-traglast-90-kg","pa_breite-1500-mm","pa_hoehe-506","pa_tuer-farbe-ral7035","pa_tuer-farbe-ral5012","pa_tuer-farbe-ral3000","pa_tuer-farbe-ral1023","pa_tuer-farbe-ral2004","pa_tuer-farbe-ral5009","pa_tuer-farbe-ral5010","pa_tuer-farbe-ral6024","pa_tuer-farbe-ral7016","first","instock","taxable","shipping-taxable","purchasable","product-type-variable","has-default-attributes"],"_links":{"self":[{"href":"https:\/\/www.divikom.eu\/cs\/wp-json\/wp\/v2\/product\/9567","targetHints":{"allow":["GET"]}}],"collection":[{"href":"https:\/\/www.divikom.eu\/cs\/wp-json\/wp\/v2\/product"}],"about":[{"href":"https:\/\/www.divikom.eu\/cs\/wp-json\/wp\/v2\/types\/product"}],"replies":[{"embeddable":true,"href":"https:\/\/www.divikom.eu\/cs\/wp-json\/wp\/v2\/comments?post=9567"}],"wp:featuredmedia":[{"embeddable":true,"href":"https:\/\/www.divikom.eu\/cs\/wp-json\/wp\/v2\/media\/12476"}],"wp:attachment":[{"href":"https:\/\/www.divikom.eu\/cs\/wp-json\/wp\/v2\/media?parent=9567"}],"wp:term":[{"taxonomy":"product_brand","embeddable":true,"href":"https:\/\/www.divikom.eu\/cs\/wp-json\/wp\/v2\/product_brand?post=9567"},{"taxonomy":"product_cat","embeddable":true,"href":"https:\/\/www.divikom.eu\/cs\/wp-json\/wp\/v2\/product_cat?post=9567"},{"taxonomy":"product_tag","embeddable":true,"href":"https:\/\/www.divikom.eu\/cs\/wp-json\/wp\/v2\/product_tag?post=9567"}],"curies":[{"name":"wp","href":"https:\/\/api.w.org\/{rel}","templated":true}]}}

Profesionální pracovní ponk s bukovou deskou, zásuvkovou skříňkou a skříňkou s dvířky, výškově stavitelné police, 880 × 1500 × 700 mm

<p>880 × 1500 × 700 mm, voděodolná masivní buková deska, tloušťka 40 mm, zkosené hrany, ošetřeno lněnou fermeží, 1× DKP272717U4 – profesionální zásuvková skříň se zásuvkami: 1× zásuvka 2U, 1× zásuvka 4U, 1× zásuvka 5U, 1× zásuvka 6U, varianta A – výsuv 80%, nosnost 90 kg/zásuvku, varianta B – výsuv 100%, nosnost 65 kg/zásuvku, centrální zamykání cylindrickým zámkem, ochrana proti převrácení, komfortní hliníkové úchytové lišty s popisovým polem, 1× DKP272717U1D – profesionální zásuvková skříň, dveře 17U s komfortní hliníkovou úchytovou lištou s popisovým polem, na vnitřní straně dveří deska EUROPERFO, zamykání cylindrickým zámkem, magnetický držák pro nezamčené dveře, 2 police výškově nastavitelné v rastru 25 cm s nosností 50 kg/polici, barva korpusu/nohou světle šedá RAL7035, čela zásuvek/dveře volitelně dle výběru</p>
