{"id":7898,"date":"2025-01-26T14:11:10","date_gmt":"2025-01-26T13:11:10","guid":{"rendered":"https:\/\/wptest.divikom.eu\/p\/registraturschrank-2x-a6-8-schubladen-132x40x60-cm-lichtlichtgrau\/"},"modified":"2026-02-01T10:14:45","modified_gmt":"2026-02-01T09:14:45","slug":"registracni-skrin-2x-a6-8-zasuvek-132-x-40-x-60-cm-svetle-seda","status":"publish","type":"product","link":"https:\/\/www.divikom.eu\/cs\/p\/registraturschrank-2x-a6-8-schubladen-132x40x60-cm-lichtlichtgrau\/","title":{"rendered":"Registra\u010dn\u00ed kartot\u00e9ka 2\u00d7 A6, 8 z\u00e1suvek, 132\u00d740\u00d760 cm, sv\u011btle \u0161ed\u00e1"},"content":{"rendered":"<p>1320 \u00d7 400 \u00d7 600 mm (V \u00d7 \u0160 \u00d7 H), kartot\u00e9kov\u00e1 sk\u0159\u00ed\u0148 2\u00d7A6, 8 z\u00e1suvek pro 2 \u0159ady karet A6, vn\u011bj\u0161\u00ed rozm\u011bry: 1320 \u00d7 400 \u00d7 600 mm (V \u00d7 \u0160 \u00d7 H), v\u00fdsuv 100%, nosnost z\u00e1suvky 40 kg, centr\u00e1ln\u00ed z\u00e1mek, blokace v\u00fdsuvu \u2013 lze vysunout pouze jednu z\u00e1suvku \u2013 zaji\u0161t\u011bno proti p\u0159evr\u00e1cen\u00ed, korpus sv\u011btle \u0161ed\u00fd RAL 7035, pr\u00e1\u0161kov\u011b lakov\u00e1no<\/p>","protected":false},"excerpt":{"rendered":"<p>1320 \u00d7 400 \u00d7 600 mm (V \u00d7 \u0160 \u00d7 H), kartot\u00e9kov\u00e1 sk\u0159\u00ed\u0148 2\u00d7A6, 8 z\u00e1suvek pro 2 \u0159ady karet A6, vn\u011bj\u0161\u00ed rozm\u011bry: 1320 \u00d7 400 \u00d7 600 mm (V \u00d7 \u0160 \u00d7 H), v\u00fdsuv 100%, nosnost z\u00e1suvky 40 kg, centr\u00e1ln\u00ed z\u00e1mek, blokace v\u00fdsuvu \u2013 lze vysunout pouze jednu z\u00e1suvku \u2013 zaji\u0161t\u011bno proti p\u0159evr\u00e1cen\u00ed, korpus sv\u011btle \u0161ed\u00fd RAL 7035, pr\u00e1\u0161kov\u011b lakov\u00e1no<\/p>","protected":false},"featured_media":8121,"comment_status":"open","ping_status":"open","template":"","meta":[],"product_brand":[544],"product_cat":[388,416],"product_tag":[],"class_list":["post-7898","product","type-product","status-publish","has-post-thumbnail","product_brand-divikom-stahlmoebel","product_cat-registraturschraenke-metall","product_cat-bueromoebel","pa_breite-400-mm","pa_lieferung-standard-programm","first","instock","taxable","shipping-taxable","purchasable","product-type-simple"],"_links":{"self":[{"href":"https:\/\/www.divikom.eu\/cs\/wp-json\/wp\/v2\/product\/7898","targetHints":{"allow":["GET"]}}],"collection":[{"href":"https:\/\/www.divikom.eu\/cs\/wp-json\/wp\/v2\/product"}],"about":[{"href":"https:\/\/www.divikom.eu\/cs\/wp-json\/wp\/v2\/types\/product"}],"replies":[{"embeddable":true,"href":"https:\/\/www.divikom.eu\/cs\/wp-json\/wp\/v2\/comments?post=7898"}],"wp:featuredmedia":[{"embeddable":true,"href":"https:\/\/www.divikom.eu\/cs\/wp-json\/wp\/v2\/media\/8121"}],"wp:attachment":[{"href":"https:\/\/www.divikom.eu\/cs\/wp-json\/wp\/v2\/media?parent=7898"}],"wp:term":[{"taxonomy":"product_brand","embeddable":true,"href":"https:\/\/www.divikom.eu\/cs\/wp-json\/wp\/v2\/product_brand?post=7898"},{"taxonomy":"product_cat","embeddable":true,"href":"https:\/\/www.divikom.eu\/cs\/wp-json\/wp\/v2\/product_cat?post=7898"},{"taxonomy":"product_tag","embeddable":true,"href":"https:\/\/www.divikom.eu\/cs\/wp-json\/wp\/v2\/product_tag?post=7898"}],"curies":[{"name":"wp","href":"https:\/\/api.w.org\/{rel}","templated":true}]}}

Registrační kartotéka 2× A6, 8 zásuvek, 132×40×60 cm, světle šedá

<p>1320 × 400 × 600 mm (V × Š × H), kartotéková skříň 2×A6, 8 zásuvek pro 2 řady karet A6, vnější rozměry: 1320 × 400 × 600 mm (V × Š × H), výsuv 100%, nosnost zásuvky 40 kg, centrální zámek, blokace výsuvu – lze vysunout pouze jednu zásuvku – zajištěno proti převrácení, korpus světle šedý RAL 7035, práškově lakováno</p>
