{"id":6677,"date":"2022-06-04T12:55:14","date_gmt":"2022-06-04T10:55:14","guid":{"rendered":"https:\/\/wptest.divikom.eu\/p\/schliessfaecher-metall-mit-plexiglastueren\/"},"modified":"2026-08-28T12:59:44","modified_gmt":"2026-08-28T10:59:44","slug":"kovove-skrinky-s-dvermi-z-plexiskla","status":"publish","type":"product","link":"https:\/\/www.divikom.eu\/cs\/p\/schliessfaecher-metall-mit-plexiglastueren\/","title":{"rendered":"Kovov\u00e9 sk\u0159\u00ed\u0148ky s plexisklov\u00fdmi dv\u00ed\u0159ky, na mince, 6 p\u0159ihr\u00e1dek"},"content":{"rendered":"<p>1800 \u00d7 600 \u00d7 500 mm (v \u00d7 \u0161 \u00d7 h), p\u0159ihr\u00e1dkov\u00e1 sk\u0159\u00ed\u0148 se 6 uzamykateln\u00fdmi p\u0159ihr\u00e1dkami, konstrukce z ocelov\u00e9ho plechu bodov\u011b sva\u0159ovan\u00e1, s vysoce kvalitn\u00ed pr\u00e1\u0161kovou povrchovou \u00fapravou, dve\u0159e s bezpe\u010dnostn\u00edm sklem, sklo vsazen\u00e9 do ocelov\u00e9ho r\u00e1mu, dve\u0159e s panty vpravo, ulo\u017een\u00ed na oto\u010dn\u00fdch \u010depech, omezova\u010d otev\u0159en\u00ed dve\u0159\u00ed, uzamyk\u00e1n\u00ed: mincovn\u00ed z\u00e1lohov\u00fd z\u00e1mek se 2 kl\u00ed\u010di, barva: korpus sv\u011btle \u0161ed\u00fd RAL 7035 \/ dve\u0159e voliteln\u00e9<\/p>","protected":false},"excerpt":{"rendered":"<p>1800 \u00d7 600 \u00d7 500 mm (v \u00d7 \u0161 \u00d7 h), p\u0159ihr\u00e1dkov\u00e1 sk\u0159\u00ed\u0148 se 6 uzamykateln\u00fdmi p\u0159ihr\u00e1dkami, konstrukce z ocelov\u00e9ho plechu bodov\u011b sva\u0159ovan\u00e1, s vysoce kvalitn\u00ed pr\u00e1\u0161kovou povrchovou \u00fapravou, dve\u0159e s bezpe\u010dnostn\u00edm sklem, sklo vsazen\u00e9 do ocelov\u00e9ho r\u00e1mu, dve\u0159e s panty vpravo, ulo\u017een\u00ed na oto\u010dn\u00fdch \u010depech, omezova\u010d otev\u0159en\u00ed dve\u0159\u00ed, uzamyk\u00e1n\u00ed: mincovn\u00ed z\u00e1lohov\u00fd z\u00e1mek se 2 kl\u00ed\u010di, barva: korpus sv\u011btle \u0161ed\u00fd RAL 7035 \/ dve\u0159e voliteln\u00e9<\/p>","protected":false},"featured_media":6134,"comment_status":"open","ping_status":"closed","template":"","meta":[],"product_brand":[544],"product_cat":[327],"product_tag":[],"class_list":["post-6677","product","type-product","status-publish","has-post-thumbnail","product_brand-divikom-stahlmoebel","product_cat-schliessfaecher-plexi","pa_abteilbreite-300-mm","pa_anzahl-abteile-91","pa_breite-600-mm","pa_faecher-pro-abteil-96","pa_hoehe-1800-mm","pa_tuer-farbe-ral5012","pa_tuer-farbe-ral3000","pa_tuer-farbe-ral1023","pa_tuer-farbe-ral2004","pa_tuer-farbe-ral5009","pa_tuer-farbe-ral5010","pa_tuer-farbe-ral6024","pa_tuer-farbe-ral7016","pa_tuer-farbe-ral7035","first","instock","taxable","shipping-taxable","purchasable","product-type-variable","has-default-attributes"],"_links":{"self":[{"href":"https:\/\/www.divikom.eu\/cs\/wp-json\/wp\/v2\/product\/6677","targetHints":{"allow":["GET"]}}],"collection":[{"href":"https:\/\/www.divikom.eu\/cs\/wp-json\/wp\/v2\/product"}],"about":[{"href":"https:\/\/www.divikom.eu\/cs\/wp-json\/wp\/v2\/types\/product"}],"replies":[{"embeddable":true,"href":"https:\/\/www.divikom.eu\/cs\/wp-json\/wp\/v2\/comments?post=6677"}],"wp:featuredmedia":[{"embeddable":true,"href":"https:\/\/www.divikom.eu\/cs\/wp-json\/wp\/v2\/media\/6134"}],"wp:attachment":[{"href":"https:\/\/www.divikom.eu\/cs\/wp-json\/wp\/v2\/media?parent=6677"}],"wp:term":[{"taxonomy":"product_brand","embeddable":true,"href":"https:\/\/www.divikom.eu\/cs\/wp-json\/wp\/v2\/product_brand?post=6677"},{"taxonomy":"product_cat","embeddable":true,"href":"https:\/\/www.divikom.eu\/cs\/wp-json\/wp\/v2\/product_cat?post=6677"},{"taxonomy":"product_tag","embeddable":true,"href":"https:\/\/www.divikom.eu\/cs\/wp-json\/wp\/v2\/product_tag?post=6677"}],"curies":[{"name":"wp","href":"https:\/\/api.w.org\/{rel}","templated":true}]}}

Kovové skříňky s plexisklovými dvířky, na mince, 6 přihrádek

<p>1800 × 600 × 500 mm (v × š × h), přihrádková skříň se 6 uzamykatelnými přihrádkami, konstrukce z ocelového plechu bodově svařovaná, s vysoce kvalitní práškovou povrchovou úpravou, dveře s bezpečnostním sklem, sklo vsazené do ocelového rámu, dveře s panty vpravo, uložení na otočných čepech, omezovač otevření dveří, uzamykání: mincovní zálohový zámek se 2 klíči, barva: korpus světle šedý RAL 7035 / dveře volitelné</p>
