{"id":6016,"date":"2022-04-02T15:37:40","date_gmt":"2022-04-02T13:37:40","guid":{"rendered":"https:\/\/wptest.divikom.eu\/p\/postverteilerschrank-30-faecher-mit-briefeinwurf\/"},"modified":"2026-08-28T12:59:49","modified_gmt":"2026-08-28T10:59:49","slug":"postovni-rozvadecova-skrin-se-30-prihradkami-s-vhozem-na-dopisy","status":"publish","type":"product","link":"https:\/\/www.divikom.eu\/cs\/p\/postverteilerschrank-30-faecher-mit-briefeinwurf\/","title":{"rendered":"Po\u0161tovn\u00ed rozd\u011blovac\u00ed sk\u0159\u00ed\u0148 se 30 p\u0159ihr\u00e1dkami a vhozem na dopisy"},"content":{"rendered":"<p>1800 \u00d7 900 \u00d7 500 mm (V \u00d7 \u0160 \u00d7 H), po\u0161tovn\u00ed t\u0159\u00eddic\u00ed sk\u0159\u00ed\u0148 se 30 p\u0159ihr\u00e1dkami a vhozem na dopisy, sva\u0159ovan\u00e1 konstrukce, vysoce kvalitn\u00ed pr\u00e1\u0161kov\u00e9 lakov\u00e1n\u00ed, vyztu\u017een\u00e1 dv\u00ed\u0159ka, prav\u00e9 zav\u011b\u0161en\u00ed, ulo\u017een\u00ed na oto\u010dn\u00fdch \u010depech, dr\u017e\u00e1k \u0161t\u00edtku, barva korpusu sv\u011btle \u0161ed\u00e1 RAL 7035 \/ barva dv\u00ed\u0159ek voliteln\u00e1<\/p>","protected":false},"excerpt":{"rendered":"<p>1800 \u00d7 900 \u00d7 500 mm (V \u00d7 \u0160 \u00d7 H), po\u0161tovn\u00ed t\u0159\u00eddic\u00ed sk\u0159\u00ed\u0148 se 30 p\u0159ihr\u00e1dkami a vhozem na dopisy, sva\u0159ovan\u00e1 konstrukce, vysoce kvalitn\u00ed pr\u00e1\u0161kov\u00e9 lakov\u00e1n\u00ed, vyztu\u017een\u00e1 dv\u00ed\u0159ka, prav\u00e9 zav\u011b\u0161en\u00ed, ulo\u017een\u00ed na oto\u010dn\u00fdch \u010depech, dr\u017e\u00e1k \u0161t\u00edtku, barva korpusu sv\u011btle \u0161ed\u00e1 RAL 7035 \/ barva dv\u00ed\u0159ek voliteln\u00e1<\/p>","protected":false},"featured_media":5891,"comment_status":"open","ping_status":"closed","template":"","meta":[],"product_brand":[544],"product_cat":[276],"product_tag":[],"class_list":["post-6016","product","type-product","status-publish","has-post-thumbnail","product_brand-divikom-stahlmoebel","product_cat-postsortierschraenke","pa_abteilbreite-300-mm","pa_anzahl-abteile-92","pa_breite-900-mm","pa_faecher-pro-abteil-101","pa_hoehe-1800-mm","pa_tuer-farbe-ral3000","pa_tuer-farbe-ral1023","pa_tuer-farbe-ral2004","pa_tuer-farbe-ral5009","pa_tuer-farbe-ral5010","pa_tuer-farbe-ral6024","pa_tuer-farbe-ral7035","pa_tuer-farbe-ral7016","pa_tuer-farbe-ral5012","pa_verschluss-zylinderschloss","pa_verschluss-drehriegelverschluss","first","instock","taxable","shipping-taxable","purchasable","product-type-variable","has-default-attributes"],"_links":{"self":[{"href":"https:\/\/www.divikom.eu\/cs\/wp-json\/wp\/v2\/product\/6016","targetHints":{"allow":["GET"]}}],"collection":[{"href":"https:\/\/www.divikom.eu\/cs\/wp-json\/wp\/v2\/product"}],"about":[{"href":"https:\/\/www.divikom.eu\/cs\/wp-json\/wp\/v2\/types\/product"}],"replies":[{"embeddable":true,"href":"https:\/\/www.divikom.eu\/cs\/wp-json\/wp\/v2\/comments?post=6016"}],"wp:featuredmedia":[{"embeddable":true,"href":"https:\/\/www.divikom.eu\/cs\/wp-json\/wp\/v2\/media\/5891"}],"wp:attachment":[{"href":"https:\/\/www.divikom.eu\/cs\/wp-json\/wp\/v2\/media?parent=6016"}],"wp:term":[{"taxonomy":"product_brand","embeddable":true,"href":"https:\/\/www.divikom.eu\/cs\/wp-json\/wp\/v2\/product_brand?post=6016"},{"taxonomy":"product_cat","embeddable":true,"href":"https:\/\/www.divikom.eu\/cs\/wp-json\/wp\/v2\/product_cat?post=6016"},{"taxonomy":"product_tag","embeddable":true,"href":"https:\/\/www.divikom.eu\/cs\/wp-json\/wp\/v2\/product_tag?post=6016"}],"curies":[{"name":"wp","href":"https:\/\/api.w.org\/{rel}","templated":true}]}}

Poštovní rozdělovací skříň se 30 přihrádkami a vhozem na dopisy

<p>1800 × 900 × 500 mm (V × Š × H), poštovní třídicí skříň se 30 přihrádkami a vhozem na dopisy, svařovaná konstrukce, vysoce kvalitní práškové lakování, vyztužená dvířka, pravé zavěšení, uložení na otočných čepech, držák štítku, barva korpusu světle šedá RAL 7035 / barva dvířek volitelná</p>
