{"id":5978,"date":"2022-04-02T15:37:30","date_gmt":"2022-04-02T13:37:30","guid":{"rendered":"https:\/\/wptest.divikom.eu\/p\/wertfachschrank-20-faecher-abschliessbar-hoch\/"},"modified":"2026-08-28T12:59:49","modified_gmt":"2026-08-28T10:59:49","slug":"uzamykatelna-skrinka-na-cennosti-s-20-prihradkami-vysoka","status":"publish","type":"product","link":"https:\/\/www.divikom.eu\/cs\/p\/wertfachschrank-20-faecher-abschliessbar-hoch\/","title":{"rendered":"Sk\u0159\u00ed\u0148ka s p\u0159ihr\u00e1dkami na cennosti, 20 uzamykateln\u00fdch p\u0159ihr\u00e1dek, vysok\u00e1"},"content":{"rendered":"<p>1800 \u00d7 600 \u00d7 500 mm (V \u00d7 \u0160 \u00d7 H), sk\u0159\u00ed\u0148ka s mal\u00fdmi p\u0159ihr\u00e1dkami, 20 p\u0159ihr\u00e1dek, bodov\u011b sva\u0159ovan\u00e1 konstrukce z ocelov\u00e9ho plechu, vysoce kvalitn\u00ed pr\u00e1\u0161kov\u00e9 lakov\u00e1n\u00ed, vyztu\u017een\u00e9 dve\u0159e, trojit\u011b oh\u00fdban\u00e9, prav\u00e9 z\u00e1v\u011bsy, ulo\u017een\u00ed na \u010depov\u00fdch z\u00e1v\u011bsech, zes\u00edlen\u00fd ocelov\u00fd plech v oblasti z\u00e1mku, dr\u017e\u00e1k \u0161t\u00edtku, barva: korpus sv\u011btle \u0161ed\u00fd RAL7035 \/ dve\u0159e voliteln\u00e9<\/p>","protected":false},"excerpt":{"rendered":"<p>1800 \u00d7 600 \u00d7 500 mm (V \u00d7 \u0160 \u00d7 H), sk\u0159\u00ed\u0148ka s mal\u00fdmi p\u0159ihr\u00e1dkami, 20 p\u0159ihr\u00e1dek, bodov\u011b sva\u0159ovan\u00e1 konstrukce z ocelov\u00e9ho plechu, vysoce kvalitn\u00ed pr\u00e1\u0161kov\u00e9 lakov\u00e1n\u00ed, vyztu\u017een\u00e9 dve\u0159e, trojit\u011b oh\u00fdban\u00e9, prav\u00e9 z\u00e1v\u011bsy, ulo\u017een\u00ed na \u010depov\u00fdch z\u00e1v\u011bsech, zes\u00edlen\u00fd ocelov\u00fd plech v oblasti z\u00e1mku, dr\u017e\u00e1k \u0161t\u00edtku, barva: korpus sv\u011btle \u0161ed\u00fd RAL7035 \/ dve\u0159e voliteln\u00e9<\/p>","protected":false},"featured_media":5875,"comment_status":"open","ping_status":"closed","template":"","meta":[],"product_brand":[544],"product_cat":[242],"product_tag":[],"class_list":["post-5978","product","type-product","status-publish","has-post-thumbnail","product_brand-divikom-stahlmoebel","product_cat-wertfachschraenke-wandmontage","pa_abteilbreite-300-mm","pa_anzahl-abteile-91","pa_breite-600-mm","pa_faecher-pro-abteil-101","pa_hoehe-1800-mm","pa_tuer-farbe-ral3000","pa_tuer-farbe-ral1023","pa_tuer-farbe-ral2004","pa_tuer-farbe-ral5009","pa_tuer-farbe-ral5010","pa_tuer-farbe-ral6024","pa_tuer-farbe-ral7035","pa_tuer-farbe-ral7016","pa_tuer-farbe-ral5012","pa_verschluss-zylinderschloss","pa_verschluss-drehriegelverschluss","first","instock","taxable","shipping-taxable","purchasable","product-type-variable","has-default-attributes"],"_links":{"self":[{"href":"https:\/\/www.divikom.eu\/cs\/wp-json\/wp\/v2\/product\/5978","targetHints":{"allow":["GET"]}}],"collection":[{"href":"https:\/\/www.divikom.eu\/cs\/wp-json\/wp\/v2\/product"}],"about":[{"href":"https:\/\/www.divikom.eu\/cs\/wp-json\/wp\/v2\/types\/product"}],"replies":[{"embeddable":true,"href":"https:\/\/www.divikom.eu\/cs\/wp-json\/wp\/v2\/comments?post=5978"}],"wp:featuredmedia":[{"embeddable":true,"href":"https:\/\/www.divikom.eu\/cs\/wp-json\/wp\/v2\/media\/5875"}],"wp:attachment":[{"href":"https:\/\/www.divikom.eu\/cs\/wp-json\/wp\/v2\/media?parent=5978"}],"wp:term":[{"taxonomy":"product_brand","embeddable":true,"href":"https:\/\/www.divikom.eu\/cs\/wp-json\/wp\/v2\/product_brand?post=5978"},{"taxonomy":"product_cat","embeddable":true,"href":"https:\/\/www.divikom.eu\/cs\/wp-json\/wp\/v2\/product_cat?post=5978"},{"taxonomy":"product_tag","embeddable":true,"href":"https:\/\/www.divikom.eu\/cs\/wp-json\/wp\/v2\/product_tag?post=5978"}],"curies":[{"name":"wp","href":"https:\/\/api.w.org\/{rel}","templated":true}]}}

Skříňka s přihrádkami na cennosti, 20 uzamykatelných přihrádek, vysoká

<p>1800 × 600 × 500 mm (V × Š × H), skříňka s malými přihrádkami, 20 přihrádek, bodově svařovaná konstrukce z ocelového plechu, vysoce kvalitní práškové lakování, vyztužené dveře, trojitě ohýbané, pravé závěsy, uložení na čepových závěsech, zesílený ocelový plech v oblasti zámku, držák štítku, barva: korpus světle šedý RAL7035 / dveře volitelné</p>
