{"id":5757,"date":"2022-03-27T09:40:20","date_gmt":"2022-03-27T07:40:20","guid":{"rendered":"https:\/\/wptest.divikom.eu\/p\/schliessfachwuerfel-stahl\/"},"modified":"2026-08-28T12:59:51","modified_gmt":"2026-08-28T10:59:51","slug":"ocelova-skrinka-na-zavazadla-ve-tvaru-kostky","status":"publish","type":"product","link":"https:\/\/www.divikom.eu\/cs\/p\/schliessfachwuerfel-stahl\/","title":{"rendered":"Ocelov\u00e1 sk\u0159\u00ed\u0148ka s p\u0159ihr\u00e1dkami"},"content":{"rendered":"<p>300 \u00d7 300 \u00d7 300 mm (V \u00d7 \u0160 \u00d7 H), sva\u0159ovan\u00e1 konstrukce, kvalitn\u00ed pr\u00e1\u0161kov\u00fd lak, vyztu\u017een\u00e1 dv\u00ed\u0159ka, dr\u017e\u00e1k \u0161t\u00edtku, uzav\u00edr\u00e1n\u00ed: cylindrick\u00fd z\u00e1mek se 2 kl\u00ed\u010di, p\u0159ipraveno pro mont\u00e1\u017e na st\u011bnu, barva: korpus sv\u011btle \u0161ed\u00fd RAL 7035 \/ dv\u00ed\u0159ka voliteln\u00e1<\/p>","protected":false},"excerpt":{"rendered":"<p>300 \u00d7 300 \u00d7 300 mm (V \u00d7 \u0160 \u00d7 H), sva\u0159ovan\u00e1 konstrukce, kvalitn\u00ed pr\u00e1\u0161kov\u00fd lak, vyztu\u017een\u00e1 dv\u00ed\u0159ka, dr\u017e\u00e1k \u0161t\u00edtku, uzav\u00edr\u00e1n\u00ed: cylindrick\u00fd z\u00e1mek se 2 kl\u00ed\u010di, p\u0159ipraveno pro mont\u00e1\u017e na st\u011bnu, barva: korpus sv\u011btle \u0161ed\u00fd RAL 7035 \/ dv\u00ed\u0159ka voliteln\u00e1<\/p>","protected":false},"featured_media":5715,"comment_status":"open","ping_status":"closed","template":"","meta":[],"product_brand":[544],"product_cat":[145],"product_tag":[],"class_list":["post-5757","product","type-product","status-publish","has-post-thumbnail","product_brand-divikom-stahlmoebel","product_cat-mini-schliessfaecher","pa_abteilbreite-300-mm","pa_anzahl-abteile-90","pa_breite-300-mm","pa_faecher-pro-abteil-94","pa_hoehe-300-mm","pa_tuer-farbe-ral3000","pa_tuer-farbe-ral1023","pa_tuer-farbe-ral2004","pa_tuer-farbe-ral5009","pa_tuer-farbe-ral5010","pa_tuer-farbe-ral6024","pa_tuer-farbe-ral7016","pa_tuer-farbe-ral7035","pa_tuer-farbe-ral5012","pa_verschluss-zylinderschloss","pa_verschluss-drehriegelverschluss","first","instock","taxable","shipping-taxable","purchasable","product-type-variable","has-default-attributes"],"_links":{"self":[{"href":"https:\/\/www.divikom.eu\/cs\/wp-json\/wp\/v2\/product\/5757","targetHints":{"allow":["GET"]}}],"collection":[{"href":"https:\/\/www.divikom.eu\/cs\/wp-json\/wp\/v2\/product"}],"about":[{"href":"https:\/\/www.divikom.eu\/cs\/wp-json\/wp\/v2\/types\/product"}],"replies":[{"embeddable":true,"href":"https:\/\/www.divikom.eu\/cs\/wp-json\/wp\/v2\/comments?post=5757"}],"wp:featuredmedia":[{"embeddable":true,"href":"https:\/\/www.divikom.eu\/cs\/wp-json\/wp\/v2\/media\/5715"}],"wp:attachment":[{"href":"https:\/\/www.divikom.eu\/cs\/wp-json\/wp\/v2\/media?parent=5757"}],"wp:term":[{"taxonomy":"product_brand","embeddable":true,"href":"https:\/\/www.divikom.eu\/cs\/wp-json\/wp\/v2\/product_brand?post=5757"},{"taxonomy":"product_cat","embeddable":true,"href":"https:\/\/www.divikom.eu\/cs\/wp-json\/wp\/v2\/product_cat?post=5757"},{"taxonomy":"product_tag","embeddable":true,"href":"https:\/\/www.divikom.eu\/cs\/wp-json\/wp\/v2\/product_tag?post=5757"}],"curies":[{"name":"wp","href":"https:\/\/api.w.org\/{rel}","templated":true}]}}

Ocelová skříňka s přihrádkami

<p>300 × 300 × 300 mm (V × Š × H), svařovaná konstrukce, kvalitní práškový lak, vyztužená dvířka, držák štítku, uzavírání: cylindrický zámek se 2 klíči, připraveno pro montáž na stěnu, barva: korpus světle šedý RAL 7035 / dvířka volitelná</p>
