{"id":5595,"date":"2022-03-26T08:51:52","date_gmt":"2022-03-26T07:51:52","guid":{"rendered":"https:\/\/wptest.divikom.eu\/p\/kleingefachschrank-wandmontage\/"},"modified":"2026-08-28T12:59:52","modified_gmt":"2026-08-28T10:59:52","slug":"mala-prihradkova-skrinka-k-montazi-na-zed-8-prihradek","status":"publish","type":"product","link":"https:\/\/www.divikom.eu\/cs\/p\/kleingefachschrank-wandmontage-8-faecher\/","title":{"rendered":"Mal\u00e1 p\u0159ihr\u00e1dkov\u00e1 sk\u0159\u00ed\u0148ka pro mont\u00e1\u017e na st\u011bnu, 8 p\u0159ihr\u00e1dek"},"content":{"rendered":"<p>739 \u00d7 400 \u00d7 200 mm (v \u00d7 \u0161 \u00d7 h), 8 p\u0159ihr\u00e1dek, bodov\u011b sva\u0159ovan\u00e1 konstrukce z ocelov\u00e9ho plechu, s kvalitn\u00edm pr\u00e1\u0161kov\u00fdm lakov\u00e1n\u00edm, dve\u0159e se \u0161t\u00edtkem na jmenovku, uzamyk\u00e1n\u00ed: cylindrick\u00fd z\u00e1mek se 2 kl\u00ed\u010di, p\u0159ipraveno pro mont\u00e1\u017e na st\u011bnu, barva: korpus sv\u011btle \u0161ed\u00fd RAL 7035 \/ dve\u0159e voliteln\u00e9<\/p>","protected":false},"excerpt":{"rendered":"<p>739 \u00d7 400 \u00d7 200 mm (v \u00d7 \u0161 \u00d7 h), 8 p\u0159ihr\u00e1dek, bodov\u011b sva\u0159ovan\u00e1 konstrukce z ocelov\u00e9ho plechu, s kvalitn\u00edm pr\u00e1\u0161kov\u00fdm lakov\u00e1n\u00edm, dve\u0159e se \u0161t\u00edtkem na jmenovku, uzamyk\u00e1n\u00ed: cylindrick\u00fd z\u00e1mek se 2 kl\u00ed\u010di, p\u0159ipraveno pro mont\u00e1\u017e na st\u011bnu, barva: korpus sv\u011btle \u0161ed\u00fd RAL 7035 \/ dve\u0159e voliteln\u00e9<\/p>","protected":false},"featured_media":4383,"comment_status":"open","ping_status":"closed","template":"","meta":[],"product_brand":[544],"product_cat":[145],"product_tag":[],"class_list":["post-5595","product","type-product","status-publish","has-post-thumbnail","product_brand-divikom-stahlmoebel","product_cat-mini-schliessfaecher","pa_abteilbreite-200-mm","pa_anzahl-abteile-91","pa_breite-400-mm","pa_faecher-pro-abteil-97","pa_hoehe-739-mm","pa_lieferung-standard-programm","pa_tuer-farbe-ral3000","pa_tuer-farbe-ral1023","pa_tuer-farbe-ral2004","pa_tuer-farbe-ral5009","pa_tuer-farbe-ral5010","pa_tuer-farbe-ral6024","pa_tuer-farbe-ral7035","pa_tuer-farbe-ral7016","pa_tuer-farbe-ral5012","pa_verschluss-drehriegelverschluss","pa_verschluss-zylinderschloss","first","instock","taxable","shipping-taxable","purchasable","product-type-variable","has-default-attributes"],"_links":{"self":[{"href":"https:\/\/www.divikom.eu\/cs\/wp-json\/wp\/v2\/product\/5595","targetHints":{"allow":["GET"]}}],"collection":[{"href":"https:\/\/www.divikom.eu\/cs\/wp-json\/wp\/v2\/product"}],"about":[{"href":"https:\/\/www.divikom.eu\/cs\/wp-json\/wp\/v2\/types\/product"}],"replies":[{"embeddable":true,"href":"https:\/\/www.divikom.eu\/cs\/wp-json\/wp\/v2\/comments?post=5595"}],"wp:featuredmedia":[{"embeddable":true,"href":"https:\/\/www.divikom.eu\/cs\/wp-json\/wp\/v2\/media\/4383"}],"wp:attachment":[{"href":"https:\/\/www.divikom.eu\/cs\/wp-json\/wp\/v2\/media?parent=5595"}],"wp:term":[{"taxonomy":"product_brand","embeddable":true,"href":"https:\/\/www.divikom.eu\/cs\/wp-json\/wp\/v2\/product_brand?post=5595"},{"taxonomy":"product_cat","embeddable":true,"href":"https:\/\/www.divikom.eu\/cs\/wp-json\/wp\/v2\/product_cat?post=5595"},{"taxonomy":"product_tag","embeddable":true,"href":"https:\/\/www.divikom.eu\/cs\/wp-json\/wp\/v2\/product_tag?post=5595"}],"curies":[{"name":"wp","href":"https:\/\/api.w.org\/{rel}","templated":true}]}}

Malá přihrádková skříňka pro montáž na stěnu, 8 přihrádek

<p>739 × 400 × 200 mm (v × š × h), 8 přihrádek, bodově svařovaná konstrukce z ocelového plechu, s kvalitním práškovým lakováním, dveře se štítkem na jmenovku, uzamykání: cylindrický zámek se 2 klíči, připraveno pro montáž na stěnu, barva: korpus světle šedý RAL 7035 / dveře volitelné</p>
