{"id":5395,"date":"2022-03-19T13:59:47","date_gmt":"2022-03-19T12:59:47","guid":{"rendered":"https:\/\/wptest.divikom.eu\/p\/mini-wertfachschrank-mit-20-faechern\/"},"modified":"2026-08-28T12:59:54","modified_gmt":"2026-08-28T10:59:54","slug":"mini-prihradkova-skrinka-na-cennosti-s-20-prihradkami","status":"publish","type":"product","link":"https:\/\/www.divikom.eu\/cs\/p\/mini-wertfachschrank-mit-20-faechern\/","title":{"rendered":"Mini \u00faschovn\u00e1 sk\u0159\u00ed\u0148ka s 20 p\u0159ihr\u00e1dkami"},"content":{"rendered":"<p>739 \u00d7 1000 \u00d7 200 mm (V \u00d7 \u0160 \u00d7 H), 20 p\u0159ihr\u00e1dek, bodov\u011b sva\u0159ovan\u00e1 konstrukce z ocelov\u00e9ho plechu s kvalitn\u00edm pr\u00e1\u0161kov\u00fdm lakem, dv\u00ed\u0159ka trojit\u011b oh\u00fdban\u00e1, dr\u017e\u00e1k \u0161t\u00edtku, p\u0159ipraveno k mont\u00e1\u017ei na st\u011bnu, barva: korpus sv\u011btle \u0161ed\u00e1 RAL 7035 \/ dv\u00ed\u0159ka voliteln\u00e1<\/p>","protected":false},"excerpt":{"rendered":"<p>739 \u00d7 1000 \u00d7 200 mm (V \u00d7 \u0160 \u00d7 H), 20 p\u0159ihr\u00e1dek, bodov\u011b sva\u0159ovan\u00e1 konstrukce z ocelov\u00e9ho plechu s kvalitn\u00edm pr\u00e1\u0161kov\u00fdm lakem, dv\u00ed\u0159ka trojit\u011b oh\u00fdban\u00e1, dr\u017e\u00e1k \u0161t\u00edtku, p\u0159ipraveno k mont\u00e1\u017ei na st\u011bnu, barva: korpus sv\u011btle \u0161ed\u00e1 RAL 7035 \/ dv\u00ed\u0159ka voliteln\u00e1<\/p>","protected":false},"featured_media":4392,"comment_status":"open","ping_status":"closed","template":"","meta":[],"product_brand":[544],"product_cat":[242],"product_tag":[],"class_list":["post-5395","product","type-product","status-publish","has-post-thumbnail","product_brand-divikom-stahlmoebel","product_cat-wertfachschraenke-wandmontage","pa_abteilbreite-200-mm","pa_anzahl-abteile-251","pa_breite-1000-mm","pa_faecher-pro-abteil-97","pa_hoehe-739-mm","pa_lieferung-standard-programm","pa_tuer-farbe-ral5010","pa_tuer-farbe-ral6024","pa_tuer-farbe-ral7035","pa_tuer-farbe-ral7016","pa_tuer-farbe-ral5012","pa_tuer-farbe-ral3000","pa_tuer-farbe-ral1023","pa_tuer-farbe-ral2004","pa_tuer-farbe-ral5009","pa_verschluss-zylinderschloss","pa_verschluss-drehriegelverschluss","first","instock","taxable","shipping-taxable","purchasable","product-type-variable","has-default-attributes"],"_links":{"self":[{"href":"https:\/\/www.divikom.eu\/cs\/wp-json\/wp\/v2\/product\/5395","targetHints":{"allow":["GET"]}}],"collection":[{"href":"https:\/\/www.divikom.eu\/cs\/wp-json\/wp\/v2\/product"}],"about":[{"href":"https:\/\/www.divikom.eu\/cs\/wp-json\/wp\/v2\/types\/product"}],"replies":[{"embeddable":true,"href":"https:\/\/www.divikom.eu\/cs\/wp-json\/wp\/v2\/comments?post=5395"}],"wp:featuredmedia":[{"embeddable":true,"href":"https:\/\/www.divikom.eu\/cs\/wp-json\/wp\/v2\/media\/4392"}],"wp:attachment":[{"href":"https:\/\/www.divikom.eu\/cs\/wp-json\/wp\/v2\/media?parent=5395"}],"wp:term":[{"taxonomy":"product_brand","embeddable":true,"href":"https:\/\/www.divikom.eu\/cs\/wp-json\/wp\/v2\/product_brand?post=5395"},{"taxonomy":"product_cat","embeddable":true,"href":"https:\/\/www.divikom.eu\/cs\/wp-json\/wp\/v2\/product_cat?post=5395"},{"taxonomy":"product_tag","embeddable":true,"href":"https:\/\/www.divikom.eu\/cs\/wp-json\/wp\/v2\/product_tag?post=5395"}],"curies":[{"name":"wp","href":"https:\/\/api.w.org\/{rel}","templated":true}]}}

Mini úschovná skříňka s 20 přihrádkami

<p>739 × 1000 × 200 mm (V × Š × H), 20 přihrádek, bodově svařovaná konstrukce z ocelového plechu s kvalitním práškovým lakem, dvířka trojitě ohýbaná, držák štítku, připraveno k montáži na stěnu, barva: korpus světle šedá RAL 7035 / dvířka volitelná</p>
