{"id":5338,"date":"2022-03-19T13:59:34","date_gmt":"2022-03-19T12:59:34","guid":{"rendered":"https:\/\/wptest.divikom.eu\/p\/wertfachschrank-fuer-wandbefestigung\/"},"modified":"2026-08-28T12:59:54","modified_gmt":"2026-08-28T10:59:54","slug":"skrinka-na-cennosti-k-montazi-na-zed-se-4-prihradkami","status":"publish","type":"product","link":"https:\/\/www.divikom.eu\/cs\/p\/wertfachschrank-fuer-wandbefestigung-4-faecher\/","title":{"rendered":"Sk\u0159\u00ed\u0148ka s uzamykateln\u00fdmi p\u0159ihr\u00e1dkami pro mont\u00e1\u017e na st\u011bnu \u2013 4 p\u0159ihr\u00e1dky"},"content":{"rendered":"<p>739 \u00d7 200 \u00d7 200 mm (V \u00d7 \u0160 \u00d7 H), 4 p\u0159ihr\u00e1dky, bodov\u011b sva\u0159ovan\u00e1 konstrukce z ocelov\u00e9ho plechu s vysoce kvalitn\u00ed pr\u00e1\u0161kovou povrchovou \u00fapravou, dv\u00ed\u0159ka trojit\u011b oh\u00fdban\u00e1, dr\u017e\u00e1k na \u0161t\u00edtek, p\u0159ipraveno k mont\u00e1\u017ei na st\u011bnu, barva: korpus sv\u011btle \u0161ed\u00fd RAL 7035 \/ dv\u00ed\u0159ka voliteln\u00e1<\/p>","protected":false},"excerpt":{"rendered":"<p>739 \u00d7 200 \u00d7 200 mm (V \u00d7 \u0160 \u00d7 H), 4 p\u0159ihr\u00e1dky, bodov\u011b sva\u0159ovan\u00e1 konstrukce z ocelov\u00e9ho plechu s vysoce kvalitn\u00ed pr\u00e1\u0161kovou povrchovou \u00fapravou, dv\u00ed\u0159ka trojit\u011b oh\u00fdban\u00e1, dr\u017e\u00e1k na \u0161t\u00edtek, p\u0159ipraveno k mont\u00e1\u017ei na st\u011bnu, barva: korpus sv\u011btle \u0161ed\u00fd RAL 7035 \/ dv\u00ed\u0159ka voliteln\u00e1<\/p>","protected":false},"featured_media":4374,"comment_status":"open","ping_status":"closed","template":"","meta":[],"product_brand":[544],"product_cat":[242],"product_tag":[],"class_list":["post-5338","product","type-product","status-publish","has-post-thumbnail","product_brand-divikom-stahlmoebel","product_cat-wertfachschraenke-wandmontage","pa_abteilbreite-200-mm","pa_anzahl-abteile-90","pa_breite-200-mm","pa_faecher-pro-abteil-97","pa_hoehe-739-mm","pa_lieferung-standard-programm","pa_tuer-farbe-ral2004","pa_tuer-farbe-ral5009","pa_tuer-farbe-ral5010","pa_tuer-farbe-ral6024","pa_tuer-farbe-ral7035","pa_tuer-farbe-ral7016","pa_tuer-farbe-ral5012","pa_tuer-farbe-ral3000","pa_tuer-farbe-ral1023","pa_verschluss-zylinderschloss","pa_verschluss-drehriegelverschluss","first","instock","taxable","shipping-taxable","purchasable","product-type-variable","has-default-attributes"],"_links":{"self":[{"href":"https:\/\/www.divikom.eu\/cs\/wp-json\/wp\/v2\/product\/5338","targetHints":{"allow":["GET"]}}],"collection":[{"href":"https:\/\/www.divikom.eu\/cs\/wp-json\/wp\/v2\/product"}],"about":[{"href":"https:\/\/www.divikom.eu\/cs\/wp-json\/wp\/v2\/types\/product"}],"replies":[{"embeddable":true,"href":"https:\/\/www.divikom.eu\/cs\/wp-json\/wp\/v2\/comments?post=5338"}],"wp:featuredmedia":[{"embeddable":true,"href":"https:\/\/www.divikom.eu\/cs\/wp-json\/wp\/v2\/media\/4374"}],"wp:attachment":[{"href":"https:\/\/www.divikom.eu\/cs\/wp-json\/wp\/v2\/media?parent=5338"}],"wp:term":[{"taxonomy":"product_brand","embeddable":true,"href":"https:\/\/www.divikom.eu\/cs\/wp-json\/wp\/v2\/product_brand?post=5338"},{"taxonomy":"product_cat","embeddable":true,"href":"https:\/\/www.divikom.eu\/cs\/wp-json\/wp\/v2\/product_cat?post=5338"},{"taxonomy":"product_tag","embeddable":true,"href":"https:\/\/www.divikom.eu\/cs\/wp-json\/wp\/v2\/product_tag?post=5338"}],"curies":[{"name":"wp","href":"https:\/\/api.w.org\/{rel}","templated":true}]}}

Skříňka s uzamykatelnými přihrádkami pro montáž na stěnu – 4 přihrádky

<p>739 × 200 × 200 mm (V × Š × H), 4 přihrádky, bodově svařovaná konstrukce z ocelového plechu s vysoce kvalitní práškovou povrchovou úpravou, dvířka trojitě ohýbaná, držák na štítek, připraveno k montáži na stěnu, barva: korpus světle šedý RAL 7035 / dvířka volitelná</p>
