{"id":5259,"date":"2022-03-19T13:59:17","date_gmt":"2022-03-19T12:59:17","guid":{"rendered":"https:\/\/wptest.divikom.eu\/p\/mini-wertfaecher\/"},"modified":"2026-08-28T12:59:56","modified_gmt":"2026-08-28T10:59:56","slug":"mini-prihradky-na-cennosti","status":"publish","type":"product","link":"https:\/\/www.divikom.eu\/cs\/p\/mini-wertfaecher\/","title":{"rendered":"Mini p\u0159ihr\u00e1dky na cennosti"},"content":{"rendered":"<p>567 \u00d7 200 \u00d7 200 mm (v \u00d7 \u0161 \u00d7 h), 3 p\u0159ihr\u00e1dky, bodov\u011b sva\u0159ovan\u00e1 konstrukce z ocelov\u00e9ho plechu s vysoce kvalitn\u00edm pr\u00e1\u0161kov\u00fdm lakov\u00e1n\u00edm, dve\u0159e trojit\u011b oh\u00fdban\u00e9, dr\u017e\u00e1k \u0161t\u00edtku, p\u0159ipraveno k mont\u00e1\u017ei na st\u011bnu, barva: korpus sv\u011btle \u0161ed\u00e1 RAL 7035 \/ dve\u0159e voliteln\u00e9<\/p>","protected":false},"excerpt":{"rendered":"<p>567 \u00d7 200 \u00d7 200 mm (v \u00d7 \u0161 \u00d7 h), 3 p\u0159ihr\u00e1dky, bodov\u011b sva\u0159ovan\u00e1 konstrukce z ocelov\u00e9ho plechu s vysoce kvalitn\u00edm pr\u00e1\u0161kov\u00fdm lakov\u00e1n\u00edm, dve\u0159e trojit\u011b oh\u00fdban\u00e9, dr\u017e\u00e1k \u0161t\u00edtku, p\u0159ipraveno k mont\u00e1\u017ei na st\u011bnu, barva: korpus sv\u011btle \u0161ed\u00e1 RAL 7035 \/ dve\u0159e voliteln\u00e9<\/p>","protected":false},"featured_media":4346,"comment_status":"open","ping_status":"closed","template":"","meta":[],"product_brand":[544],"product_cat":[242],"product_tag":[],"class_list":["post-5259","product","type-product","status-publish","has-post-thumbnail","product_brand-divikom-stahlmoebel","product_cat-wertfachschraenke-wandmontage","pa_abteilbreite-200-mm","pa_anzahl-abteile-90","pa_breite-200-mm","pa_faecher-pro-abteil-96","pa_hoehe-567-mm","pa_lieferung-standard-programm","pa_tuer-farbe-ral5009","pa_tuer-farbe-ral5010","pa_tuer-farbe-ral6024","pa_tuer-farbe-ral7035","pa_tuer-farbe-ral7016","pa_tuer-farbe-ral5012","pa_tuer-farbe-ral3000","pa_tuer-farbe-ral1023","pa_tuer-farbe-ral2004","pa_verschluss-zylinderschloss","pa_verschluss-drehriegelverschluss","first","instock","taxable","shipping-taxable","purchasable","product-type-variable","has-default-attributes"],"_links":{"self":[{"href":"https:\/\/www.divikom.eu\/cs\/wp-json\/wp\/v2\/product\/5259","targetHints":{"allow":["GET"]}}],"collection":[{"href":"https:\/\/www.divikom.eu\/cs\/wp-json\/wp\/v2\/product"}],"about":[{"href":"https:\/\/www.divikom.eu\/cs\/wp-json\/wp\/v2\/types\/product"}],"replies":[{"embeddable":true,"href":"https:\/\/www.divikom.eu\/cs\/wp-json\/wp\/v2\/comments?post=5259"}],"wp:featuredmedia":[{"embeddable":true,"href":"https:\/\/www.divikom.eu\/cs\/wp-json\/wp\/v2\/media\/4346"}],"wp:attachment":[{"href":"https:\/\/www.divikom.eu\/cs\/wp-json\/wp\/v2\/media?parent=5259"}],"wp:term":[{"taxonomy":"product_brand","embeddable":true,"href":"https:\/\/www.divikom.eu\/cs\/wp-json\/wp\/v2\/product_brand?post=5259"},{"taxonomy":"product_cat","embeddable":true,"href":"https:\/\/www.divikom.eu\/cs\/wp-json\/wp\/v2\/product_cat?post=5259"},{"taxonomy":"product_tag","embeddable":true,"href":"https:\/\/www.divikom.eu\/cs\/wp-json\/wp\/v2\/product_tag?post=5259"}],"curies":[{"name":"wp","href":"https:\/\/api.w.org\/{rel}","templated":true}]}}

Mini přihrádky na cennosti

<p>567 × 200 × 200 mm (v × š × h), 3 přihrádky, bodově svařovaná konstrukce z ocelového plechu s vysoce kvalitním práškovým lakováním, dveře trojitě ohýbané, držák štítku, připraveno k montáži na stěnu, barva: korpus světle šedá RAL 7035 / dveře volitelné</p>
