{"id":3995,"date":"2020-12-30T20:39:39","date_gmt":"2020-12-30T19:39:39","guid":{"rendered":"https:\/\/wptest.divikom.eu\/p\/spind-abschliessbar\/"},"modified":"2026-08-28T13:00:00","modified_gmt":"2026-08-28T11:00:00","slug":"uzamykatelna-skrinka-na-predeni","status":"publish","type":"product","link":"https:\/\/www.divikom.eu\/cs\/p\/spind-abschliessbar\/","title":{"rendered":"Uzamykateln\u00e1 sk\u0159\u00ed\u0148ka (na v\u0159eteno)"},"content":{"rendered":"<p>1920 \u00d7 500 \u00d7 500 mm (V \u00d7 \u0160 \u00d7 H), uzamykateln\u00e1 \u0161atn\u00ed sk\u0159\u00ed\u0148ka se zv\u00fd\u0161enou ochranou proti vloup\u00e1n\u00ed, dvoud\u00edln\u00e1, torzn\u011b tuh\u00e1, dvojst\u011bnn\u00e9 dve\u0159e s dorazem, omezova\u010d otev\u0159en\u00ed dve\u0159\u00ed, horn\u00ed odkl\u00e1dac\u00ed police, \u0161atn\u00ed ty\u010d se 3 h\u00e1\u010dky, sokl 160 mm, barva: korpus sv\u011btle \u0161ed\u00fd RAL7035, pr\u00e1\u0161kov\u011b lakov\u00e1no<\/p>","protected":false},"excerpt":{"rendered":"<p>1920 \u00d7 500 \u00d7 500 mm (V \u00d7 \u0160 \u00d7 H), uzamykateln\u00e1 \u0161atn\u00ed sk\u0159\u00ed\u0148ka se zv\u00fd\u0161enou ochranou proti vloup\u00e1n\u00ed, dvoud\u00edln\u00e1, torzn\u011b tuh\u00e1, dvojst\u011bnn\u00e9 dve\u0159e s dorazem, omezova\u010d otev\u0159en\u00ed dve\u0159\u00ed, horn\u00ed odkl\u00e1dac\u00ed police, \u0161atn\u00ed ty\u010d se 3 h\u00e1\u010dky, sokl 160 mm, barva: korpus sv\u011btle \u0161ed\u00fd RAL7035, pr\u00e1\u0161kov\u011b lakov\u00e1no<\/p>","protected":false},"featured_media":3790,"comment_status":"open","ping_status":"closed","template":"","meta":[],"product_brand":[544],"product_cat":[46],"product_tag":[],"class_list":["post-3995","product","type-product","status-publish","has-post-thumbnail","product_brand-divikom-stahlmoebel","product_cat-spinde","pa_abteilbreite-250-mm","pa_anzahl-abteile-91","pa_breite-500-mm","pa_faecher-pro-abteil-94","pa_hoehe-1920-mm","pa_lieferung-standard-programm","pa_tuer-farbe-ral5009","pa_tuer-farbe-ral5010","pa_tuer-farbe-ral7035","pa_tuer-farbe-ral6024","pa_tuer-farbe-ral5012","pa_tuer-farbe-ral7016","pa_tuer-farbe-ral3000","pa_tuer-farbe-ral1023","pa_tuer-farbe-ral2004","pa_verschluss-zylinderschloss","pa_verschluss-drehriegelverschluss","first","instock","taxable","shipping-taxable","purchasable","product-type-variable","has-default-attributes"],"_links":{"self":[{"href":"https:\/\/www.divikom.eu\/cs\/wp-json\/wp\/v2\/product\/3995","targetHints":{"allow":["GET"]}}],"collection":[{"href":"https:\/\/www.divikom.eu\/cs\/wp-json\/wp\/v2\/product"}],"about":[{"href":"https:\/\/www.divikom.eu\/cs\/wp-json\/wp\/v2\/types\/product"}],"replies":[{"embeddable":true,"href":"https:\/\/www.divikom.eu\/cs\/wp-json\/wp\/v2\/comments?post=3995"}],"wp:featuredmedia":[{"embeddable":true,"href":"https:\/\/www.divikom.eu\/cs\/wp-json\/wp\/v2\/media\/3790"}],"wp:attachment":[{"href":"https:\/\/www.divikom.eu\/cs\/wp-json\/wp\/v2\/media?parent=3995"}],"wp:term":[{"taxonomy":"product_brand","embeddable":true,"href":"https:\/\/www.divikom.eu\/cs\/wp-json\/wp\/v2\/product_brand?post=3995"},{"taxonomy":"product_cat","embeddable":true,"href":"https:\/\/www.divikom.eu\/cs\/wp-json\/wp\/v2\/product_cat?post=3995"},{"taxonomy":"product_tag","embeddable":true,"href":"https:\/\/www.divikom.eu\/cs\/wp-json\/wp\/v2\/product_tag?post=3995"}],"curies":[{"name":"wp","href":"https:\/\/api.w.org\/{rel}","templated":true}]}}

Uzamykatelná skříňka (na vřeteno)

<p>1920 × 500 × 500 mm (V × Š × H), uzamykatelná šatní skříňka se zvýšenou ochranou proti vloupání, dvoudílná, torzně tuhá, dvojstěnné dveře s dorazem, omezovač otevření dveří, horní odkládací police, šatní tyč se 3 háčky, sokl 160 mm, barva: korpus světle šedý RAL7035, práškově lakováno</p>
