{"id":2636,"date":"2020-05-10T11:30:11","date_gmt":"2020-05-10T09:30:11","guid":{"rendered":"https:\/\/www.divikom.de\/uncategorized\/umkleidespind-eintuerig\/"},"modified":"2026-04-12T16:54:55","modified_gmt":"2026-04-12T14:54:55","slug":"jednodverova-satni-skrinka","status":"publish","type":"product","link":"https:\/\/www.divikom.eu\/cs\/p\/umkleidespind-eintuerig\/","title":{"rendered":"\u0160atn\u00ed sk\u0159\u00ed\u0148ka s jedn\u011bmi dve\u0159mi"},"content":{"rendered":"<p>1800 \u00d7 250 \u00d7 500 mm (V \u00d7 \u0160 \u00d7 H), \u0161atn\u00ed sk\u0159\u00ed\u0148ka s jedn\u011bmi dve\u0159mi se zv\u00fd\u0161enou ochranou proti vloup\u00e1n\u00ed, tvarov\u011b tuh\u00e1, dvoupl\u00e1\u0161\u0165ov\u00e9 dve\u0159e, omezova\u010d otev\u0159en\u00ed dve\u0159\u00ed, horn\u00ed police, \u0161atn\u00ed ty\u010d se 3 h\u00e1\u010dky, barva: korpus sv\u011btle \u0161ed\u00fd RAL 7035, pr\u00e1\u0161kov\u011b lakov\u00e1no<\/p>\n<div id=\"gtx-trans\" style=\"position: absolute; left: 405px; top: 55.3889px;\">\n<div class=\"gtx-trans-icon\"><\/div>\n<\/div>","protected":false},"excerpt":{"rendered":"<p>1800 \u00d7 250 \u00d7 500 mm (V \u00d7 \u0160 \u00d7 H), \u0161atn\u00ed sk\u0159\u00ed\u0148ka s jedn\u011bmi dve\u0159mi se zv\u00fd\u0161enou ochranou proti vloup\u00e1n\u00ed, tvarov\u011b tuh\u00e1, dvoupl\u00e1\u0161\u0165ov\u00e9 dve\u0159e, omezova\u010d otev\u0159en\u00ed dve\u0159\u00ed, horn\u00ed police, \u0161atn\u00ed ty\u010d se 3 h\u00e1\u010dky, barva: korpus sv\u011btle \u0161ed\u00fd RAL 7035, pr\u00e1\u0161kov\u011b lakov\u00e1no<\/p>\n<div id=\"gtx-trans\" style=\"position: absolute; left: 405px; top: 55.3889px;\">\n<div class=\"gtx-trans-icon\"><\/div>\n<\/div>","protected":false},"featured_media":2414,"comment_status":"open","ping_status":"closed","template":"","meta":[],"product_brand":[],"product_cat":[46],"product_tag":[],"class_list":["post-2636","product","type-product","status-publish","has-post-thumbnail","product_cat-spinde","pa_abteilbreite-250-mm","pa_anzahl-abteile-90","pa_breite-250-mm","pa_faecher-pro-abteil-94","pa_hoehe-1800-mm","pa_lieferung-standard-programm","pa_tuer-farbe-ral3000","pa_tuer-farbe-ral1023","pa_tuer-farbe-ral2004","pa_tuer-farbe-ral5009","pa_tuer-farbe-ral5010","pa_tuer-farbe-ral7035","pa_tuer-farbe-ral6024","pa_tuer-farbe-ral5012","pa_tuer-farbe-ral7016","pa_verschluss-zylinderschloss","pa_verschluss-drehriegelverschluss","first","instock","taxable","shipping-taxable","purchasable","product-type-variable","has-default-attributes"],"_links":{"self":[{"href":"https:\/\/www.divikom.eu\/cs\/wp-json\/wp\/v2\/product\/2636","targetHints":{"allow":["GET"]}}],"collection":[{"href":"https:\/\/www.divikom.eu\/cs\/wp-json\/wp\/v2\/product"}],"about":[{"href":"https:\/\/www.divikom.eu\/cs\/wp-json\/wp\/v2\/types\/product"}],"replies":[{"embeddable":true,"href":"https:\/\/www.divikom.eu\/cs\/wp-json\/wp\/v2\/comments?post=2636"}],"wp:featuredmedia":[{"embeddable":true,"href":"https:\/\/www.divikom.eu\/cs\/wp-json\/wp\/v2\/media\/2414"}],"wp:attachment":[{"href":"https:\/\/www.divikom.eu\/cs\/wp-json\/wp\/v2\/media?parent=2636"}],"wp:term":[{"taxonomy":"product_brand","embeddable":true,"href":"https:\/\/www.divikom.eu\/cs\/wp-json\/wp\/v2\/product_brand?post=2636"},{"taxonomy":"product_cat","embeddable":true,"href":"https:\/\/www.divikom.eu\/cs\/wp-json\/wp\/v2\/product_cat?post=2636"},{"taxonomy":"product_tag","embeddable":true,"href":"https:\/\/www.divikom.eu\/cs\/wp-json\/wp\/v2\/product_tag?post=2636"}],"curies":[{"name":"wp","href":"https:\/\/api.w.org\/{rel}","templated":true}]}}

Šatní skříňka s jedněmi dveřmi

<p>1800 × 250 × 500 mm (V × Š × H), šatní skříňka s jedněmi dveřmi se zvýšenou ochranou proti vloupání, tvarově tuhá, dvouplášťové dveře, omezovač otevření dveří, horní police, šatní tyč se 3 háčky, barva: korpus světle šedý RAL 7035, práškově lakováno</p>
<div id="gtx-trans" style="position: absolute; left: 405px; top: 55.3889px;">
<div class="gtx-trans-icon"></div>
</div>
