{"id":18593,"date":"2026-01-03T07:22:08","date_gmt":"2026-01-03T06:22:08","guid":{"rendered":"https:\/\/www.divikom.eu\/?post_type=product&#038;p=18593"},"modified":"2026-08-28T12:51:37","modified_gmt":"2026-08-28T10:51:37","slug":"skrin-na-vykresy-skrin-na-ploche-ukladani-kk-vks-a1-b-kk-vks-a1-b-ral-7035","status":"publish","type":"product","link":"https:\/\/www.divikom.eu\/cs\/p\/zeichnungsschrank-flachablageschrank-kk-vks-a1-b-kk-vks-a1-b-ral7035\/","title":{"rendered":"Sk\u0159\u00ed\u0148 na v\u00fdkresy (ploch\u00e1 kartot\u00e9ka) s 10 z\u00e1suvkami"},"content":{"rendered":"<p>782 \u00d7 986 \u00d7 748 mm (V \u00d7 \u0160 \u00d7 H), sva\u0159ovan\u00e1 konstrukce, 10\u00d7 z\u00e1suvka, v\u00fdsuv 100 %, nosnost 40 kg na z\u00e1suvku, DIN A1, dr\u017e\u00e1k plastov\u00e9ho \u0161t\u00edtku, centr\u00e1ln\u00ed zamyk\u00e1n\u00ed cylindrick\u00fdm z\u00e1mkem, ochrana proti p\u0159evr\u00e1cen\u00ed, zabra\u0148uje sou\u010dasn\u00e9mu vysunut\u00ed v\u00edce z\u00e1suvek, pohodln\u00e1 rukoje\u0165, korpus \/ \u010dela z\u00e1suvek sv\u011btle \u0161ed\u00e1 RAL 7035, pr\u00e1\u0161kov\u011b lakov\u00e1no<\/p>","protected":false},"excerpt":{"rendered":"<p>782 \u00d7 986 \u00d7 748 mm (V \u00d7 \u0160 \u00d7 H), sva\u0159ovan\u00e1 konstrukce, 10\u00d7 z\u00e1suvka, v\u00fdsuv 100 %, nosnost 40 kg na z\u00e1suvku, DIN A1, dr\u017e\u00e1k plastov\u00e9ho \u0161t\u00edtku, centr\u00e1ln\u00ed zamyk\u00e1n\u00ed cylindrick\u00fdm z\u00e1mkem, ochrana proti p\u0159evr\u00e1cen\u00ed, zabra\u0148uje sou\u010dasn\u00e9mu vysunut\u00ed v\u00edce z\u00e1suvek, pohodln\u00e1 rukoje\u0165, korpus \/ \u010dela z\u00e1suvek sv\u011btle \u0161ed\u00e1 RAL 7035, pr\u00e1\u0161kov\u011b lakov\u00e1no<\/p>","protected":false},"featured_media":18811,"comment_status":"open","ping_status":"closed","template":"","meta":[],"product_brand":[],"product_cat":[600,230],"product_tag":[],"class_list":["post-18593","product","type-product","status-publish","has-post-thumbnail","product_cat-planschraenke","product_cat-express","pa_breite-986-mm","pa_hoehe-782-mm","pa_lieferung-express-programm","pa_tuer-farbe-ral7035","first","instock","taxable","shipping-taxable","purchasable","product-type-simple"],"_links":{"self":[{"href":"https:\/\/www.divikom.eu\/cs\/wp-json\/wp\/v2\/product\/18593","targetHints":{"allow":["GET"]}}],"collection":[{"href":"https:\/\/www.divikom.eu\/cs\/wp-json\/wp\/v2\/product"}],"about":[{"href":"https:\/\/www.divikom.eu\/cs\/wp-json\/wp\/v2\/types\/product"}],"replies":[{"embeddable":true,"href":"https:\/\/www.divikom.eu\/cs\/wp-json\/wp\/v2\/comments?post=18593"}],"wp:featuredmedia":[{"embeddable":true,"href":"https:\/\/www.divikom.eu\/cs\/wp-json\/wp\/v2\/media\/18811"}],"wp:attachment":[{"href":"https:\/\/www.divikom.eu\/cs\/wp-json\/wp\/v2\/media?parent=18593"}],"wp:term":[{"taxonomy":"product_brand","embeddable":true,"href":"https:\/\/www.divikom.eu\/cs\/wp-json\/wp\/v2\/product_brand?post=18593"},{"taxonomy":"product_cat","embeddable":true,"href":"https:\/\/www.divikom.eu\/cs\/wp-json\/wp\/v2\/product_cat?post=18593"},{"taxonomy":"product_tag","embeddable":true,"href":"https:\/\/www.divikom.eu\/cs\/wp-json\/wp\/v2\/product_tag?post=18593"}],"curies":[{"name":"wp","href":"https:\/\/api.w.org\/{rel}","templated":true}]}}

Skříň na výkresy (plochá kartotéka) s 10 zásuvkami

<p>782 × 986 × 748 mm (V × Š × H), svařovaná konstrukce, 10× zásuvka, výsuv 100 %, nosnost 40 kg na zásuvku, DIN A1, držák plastového štítku, centrální zamykání cylindrickým zámkem, ochrana proti převrácení, zabraňuje současnému vysunutí více zásuvek, pohodlná rukojeť, korpus / čela zásuvek světle šedá RAL 7035, práškově lakováno</p>
