{"id":18587,"date":"2026-01-03T07:22:08","date_gmt":"2026-01-03T06:22:08","guid":{"rendered":"https:\/\/www.divikom.eu\/?post_type=product&#038;p=18587"},"modified":"2026-08-28T12:51:37","modified_gmt":"2026-08-28T10:51:37","slug":"univerzalni-uzamykatelna-skrin-195-x-80-x-40-cm-4-police-60-kg-svetle-seda-kk-sps-02-a-ral-7035","status":"publish","type":"product","link":"https:\/\/www.divikom.eu\/cs\/p\/universalschrank-abschliessbar-195x80x40-cm-4-fachboeden-60-kg-lichtgrau-kk-sps-02-a-ral7035\/","title":{"rendered":"Uzamykateln\u00e1 univerz\u00e1ln\u00ed sk\u0159\u00ed\u0148 195 \u00d7 80 \u00d7 40 cm, 4 police, 60 kg, sv\u011btle \u0161ed\u00e1"},"content":{"rendered":"<p>1950 \u00d7 800 \u00d7 400 mm (V \u00d7 \u0160 \u00d7 H), sva\u0159ovan\u00e1 konstrukce, 4\u00d7 lakovan\u00e1 police, v\u00fd\u0161kov\u011b nastaviteln\u00e1, nosnost 60 kg\/polici, dvoubodov\u00e9 uzamyk\u00e1n\u00ed, cylindrick\u00fd z\u00e1mek s oto\u010dnou klikou, dve\u0159e sk\u0159\u00edn\u011b zes\u00edlen\u00e9 ve st\u0159edn\u00ed \u010d\u00e1sti, korpus\/dve\u0159e RAL 7035 sv\u011btle \u0161ed\u00e1, pr\u00e1\u0161kov\u011b lakov\u00e1no<\/p>","protected":false},"excerpt":{"rendered":"<p>1950 \u00d7 800 \u00d7 400 mm (V \u00d7 \u0160 \u00d7 H), sva\u0159ovan\u00e1 konstrukce, 4\u00d7 lakovan\u00e1 police, v\u00fd\u0161kov\u011b nastaviteln\u00e1, nosnost 60 kg\/polici, dvoubodov\u00e9 uzamyk\u00e1n\u00ed, cylindrick\u00fd z\u00e1mek s oto\u010dnou klikou, dve\u0159e sk\u0159\u00edn\u011b zes\u00edlen\u00e9 ve st\u0159edn\u00ed \u010d\u00e1sti, korpus\/dve\u0159e RAL 7035 sv\u011btle \u0161ed\u00e1, pr\u00e1\u0161kov\u011b lakov\u00e1no<\/p>","protected":false},"featured_media":18795,"comment_status":"open","ping_status":"closed","template":"","meta":[],"product_brand":[],"product_cat":[230,415,416,588],"product_tag":[],"class_list":["post-18587","product","type-product","status-publish","has-post-thumbnail","product_cat-express","product_cat-universalschraenke","product_cat-bueromoebel","product_cat-bueroschraenke-metall","pa_breite-800-mm","pa_hoehe-406","pa_lieferung-express-programm","pa_tuer-farbe-ral7035","first","instock","taxable","shipping-taxable","purchasable","product-type-simple"],"_links":{"self":[{"href":"https:\/\/www.divikom.eu\/cs\/wp-json\/wp\/v2\/product\/18587","targetHints":{"allow":["GET"]}}],"collection":[{"href":"https:\/\/www.divikom.eu\/cs\/wp-json\/wp\/v2\/product"}],"about":[{"href":"https:\/\/www.divikom.eu\/cs\/wp-json\/wp\/v2\/types\/product"}],"replies":[{"embeddable":true,"href":"https:\/\/www.divikom.eu\/cs\/wp-json\/wp\/v2\/comments?post=18587"}],"wp:featuredmedia":[{"embeddable":true,"href":"https:\/\/www.divikom.eu\/cs\/wp-json\/wp\/v2\/media\/18795"}],"wp:attachment":[{"href":"https:\/\/www.divikom.eu\/cs\/wp-json\/wp\/v2\/media?parent=18587"}],"wp:term":[{"taxonomy":"product_brand","embeddable":true,"href":"https:\/\/www.divikom.eu\/cs\/wp-json\/wp\/v2\/product_brand?post=18587"},{"taxonomy":"product_cat","embeddable":true,"href":"https:\/\/www.divikom.eu\/cs\/wp-json\/wp\/v2\/product_cat?post=18587"},{"taxonomy":"product_tag","embeddable":true,"href":"https:\/\/www.divikom.eu\/cs\/wp-json\/wp\/v2\/product_tag?post=18587"}],"curies":[{"name":"wp","href":"https:\/\/api.w.org\/{rel}","templated":true}]}}

Uzamykatelná univerzální skříň 195 × 80 × 40 cm, 4 police, 60 kg, světle šedá

<p>1950 × 800 × 400 mm (V × Š × H), svařovaná konstrukce, 4× lakovaná police, výškově nastavitelná, nosnost 60 kg/polici, dvoubodové uzamykání, cylindrický zámek s otočnou klikou, dveře skříně zesílené ve střední části, korpus/dveře RAL 7035 světle šedá, práškově lakováno</p>
