{"id":18583,"date":"2026-01-03T07:22:08","date_gmt":"2026-01-03T06:22:08","guid":{"rendered":"https:\/\/www.divikom.eu\/?post_type=product&#038;p=18583"},"modified":"2026-08-28T12:51:38","modified_gmt":"2026-08-28T10:51:38","slug":"materialova-skrin-195-x-95-x-40-cm-4-police-60-kg-svetle-modra-ral-5012-kk-sps-01-a-ral-5012","status":"publish","type":"product","link":"https:\/\/www.divikom.eu\/cs\/p\/materialschrank-195x95x40-cm-4-fachboeden-60-kg-lichtblau-ral5012-kk-sps-01-a-ral5012\/","title":{"rendered":"Materi\u00e1lov\u00e1 sk\u0159\u00ed\u0148 195 \u00d7 95 \u00d7 40 cm, 4 police, 60 kg, sv\u011btle modr\u00e1 RAL 5012"},"content":{"rendered":"<p>1950 \u00d7 950 \u00d7 400 mm (v \u00d7 \u0161 \u00d7 h), sva\u0159ovan\u00e1 konstrukce, 4\u00d7 lakovan\u00e1 police, v\u00fd\u0161kov\u011b nastaviteln\u00e9, nosnost 60 kg\/police, dvoubodov\u00e9 zamyk\u00e1n\u00ed, cylindrick\u00fd z\u00e1mek s oto\u010dnou klikou, dve\u0159e sk\u0159\u00edn\u011b zes\u00edlen\u00e9 uprost\u0159ed, korpus RAL7035 sv\u011btle \u0161ed\u00e1 \/ dve\u0159e RAL5012 sv\u011btle modr\u00e1, pr\u00e1\u0161kov\u011b lakov\u00e1no<\/p>","protected":false},"excerpt":{"rendered":"<p>1950 \u00d7 950 \u00d7 400 mm (v \u00d7 \u0161 \u00d7 h), sva\u0159ovan\u00e1 konstrukce, 4\u00d7 lakovan\u00e1 police, v\u00fd\u0161kov\u011b nastaviteln\u00e9, nosnost 60 kg\/police, dvoubodov\u00e9 zamyk\u00e1n\u00ed, cylindrick\u00fd z\u00e1mek s oto\u010dnou klikou, dve\u0159e sk\u0159\u00edn\u011b zes\u00edlen\u00e9 uprost\u0159ed, korpus RAL7035 sv\u011btle \u0161ed\u00e1 \/ dve\u0159e RAL5012 sv\u011btle modr\u00e1, pr\u00e1\u0161kov\u011b lakov\u00e1no<\/p>","protected":false},"featured_media":18785,"comment_status":"open","ping_status":"closed","template":"","meta":[],"product_brand":[],"product_cat":[415,416,588,230],"product_tag":[],"class_list":["post-18583","product","type-product","status-publish","has-post-thumbnail","product_cat-universalschraenke","product_cat-bueromoebel","product_cat-bueroschraenke-metall","product_cat-express","pa_breite-950-mm","pa_hoehe-406","pa_lieferung-express-programm","pa_tuer-farbe-ral5012","first","instock","taxable","shipping-taxable","purchasable","product-type-simple"],"_links":{"self":[{"href":"https:\/\/www.divikom.eu\/cs\/wp-json\/wp\/v2\/product\/18583","targetHints":{"allow":["GET"]}}],"collection":[{"href":"https:\/\/www.divikom.eu\/cs\/wp-json\/wp\/v2\/product"}],"about":[{"href":"https:\/\/www.divikom.eu\/cs\/wp-json\/wp\/v2\/types\/product"}],"replies":[{"embeddable":true,"href":"https:\/\/www.divikom.eu\/cs\/wp-json\/wp\/v2\/comments?post=18583"}],"wp:featuredmedia":[{"embeddable":true,"href":"https:\/\/www.divikom.eu\/cs\/wp-json\/wp\/v2\/media\/18785"}],"wp:attachment":[{"href":"https:\/\/www.divikom.eu\/cs\/wp-json\/wp\/v2\/media?parent=18583"}],"wp:term":[{"taxonomy":"product_brand","embeddable":true,"href":"https:\/\/www.divikom.eu\/cs\/wp-json\/wp\/v2\/product_brand?post=18583"},{"taxonomy":"product_cat","embeddable":true,"href":"https:\/\/www.divikom.eu\/cs\/wp-json\/wp\/v2\/product_cat?post=18583"},{"taxonomy":"product_tag","embeddable":true,"href":"https:\/\/www.divikom.eu\/cs\/wp-json\/wp\/v2\/product_tag?post=18583"}],"curies":[{"name":"wp","href":"https:\/\/api.w.org\/{rel}","templated":true}]}}

Materiálová skříň 195 × 95 × 40 cm, 4 police, 60 kg, světle modrá RAL 5012

<p>1950 × 950 × 400 mm (v × š × h), svařovaná konstrukce, 4× lakovaná police, výškově nastavitelné, nosnost 60 kg/police, dvoubodové zamykání, cylindrický zámek s otočnou klikou, dveře skříně zesílené uprostřed, korpus RAL7035 světle šedá / dveře RAL5012 světle modrá, práškově lakováno</p>
