{"id":18556,"date":"2026-01-03T07:21:59","date_gmt":"2026-01-03T06:21:59","guid":{"rendered":"https:\/\/www.divikom.eu\/?post_type=product&#038;p=18556"},"modified":"2026-08-28T12:51:40","modified_gmt":"2026-08-28T10:51:40","slug":"werkzeugwagen-4-schubladen-920x720x500-mm-kk-dpv-01-a-ral5012","status":"publish","type":"product","link":"https:\/\/www.divikom.eu\/cs\/p\/werkzeugwagen-4-schubladen-920x720x500-mm-kk-dpv-01-a-ral5012\/","title":{"rendered":"Voz\u00edk na n\u00e1\u0159ad\u00ed 4 z\u00e1suvky, 920x720x500 mm"},"content":{"rendered":"<p>920 \u00d7 720 \u00d7 500 mm (V \u00d7 \u0160 \u00d7 H), 4\u00d7 z\u00e1suvka, v\u00fdsuv 80%, nosnost 80 kg\/z\u00e1suvku, pohodln\u00e1 hlin\u00edkov\u00e1 \u00fachytov\u00e1 li\u0161ta s popisovac\u00edm polem, centr\u00e1ln\u00ed uzamyk\u00e1n\u00ed s cylindrick\u00fdm z\u00e1mkem, pojistka proti p\u0159evr\u00e1cen\u00ed \u2013 zabra\u0148uje sou\u010dasn\u00e9mu vysunut\u00ed v\u00edce z\u00e1suvek, horn\u00ed odkl\u00e1dac\u00ed deska s gumovou podlo\u017ekou a li\u0161tou proti vypadnut\u00ed drobn\u00fdch p\u0159edm\u011bt\u016f, ovl\u00e1dac\u00ed madlo, 2\u00d7 pevn\u00e1 kole\u010dka, 2\u00d7 oto\u010dn\u00e1 kole\u010dka s brzdou, pr\u016fm\u011br 80 mm, korpus sv\u011btle \u0161ed\u00fd RAL 7035 \/ \u010dela z\u00e1suvek sv\u011btle modr\u00e1 RAL 5012, pr\u00e1\u0161kov\u011b lakov\u00e1no<\/p>","protected":false},"excerpt":{"rendered":"<p>920 \u00d7 720 \u00d7 500 mm (V \u00d7 \u0160 \u00d7 H), 4\u00d7 z\u00e1suvka, v\u00fdsuv 80%, nosnost 80 kg\/z\u00e1suvku, pohodln\u00e1 hlin\u00edkov\u00e1 \u00fachytov\u00e1 li\u0161ta s popisovac\u00edm polem, centr\u00e1ln\u00ed uzamyk\u00e1n\u00ed s cylindrick\u00fdm z\u00e1mkem, pojistka proti p\u0159evr\u00e1cen\u00ed \u2013 zabra\u0148uje sou\u010dasn\u00e9mu vysunut\u00ed v\u00edce z\u00e1suvek, horn\u00ed odkl\u00e1dac\u00ed deska s gumovou podlo\u017ekou a li\u0161tou proti vypadnut\u00ed drobn\u00fdch p\u0159edm\u011bt\u016f, ovl\u00e1dac\u00ed madlo, 2\u00d7 pevn\u00e1 kole\u010dka, 2\u00d7 oto\u010dn\u00e1 kole\u010dka s brzdou, pr\u016fm\u011br 80 mm, korpus sv\u011btle \u0161ed\u00fd RAL 7035 \/ \u010dela z\u00e1suvek sv\u011btle modr\u00e1 RAL 5012, pr\u00e1\u0161kov\u011b lakov\u00e1no<\/p>","protected":false},"featured_media":18699,"comment_status":"open","ping_status":"closed","template":"","meta":[],"product_brand":[],"product_cat":[599],"product_tag":[],"class_list":["post-18556","product","type-product","status-publish","has-post-thumbnail","product_cat-werkstattwagen","pa_breite-720-mm","pa_hoehe-636","pa_lieferung-express-programm","pa_tuer-farbe-ral5012","first","instock","taxable","shipping-taxable","purchasable","product-type-simple"],"_links":{"self":[{"href":"https:\/\/www.divikom.eu\/cs\/wp-json\/wp\/v2\/product\/18556","targetHints":{"allow":["GET"]}}],"collection":[{"href":"https:\/\/www.divikom.eu\/cs\/wp-json\/wp\/v2\/product"}],"about":[{"href":"https:\/\/www.divikom.eu\/cs\/wp-json\/wp\/v2\/types\/product"}],"replies":[{"embeddable":true,"href":"https:\/\/www.divikom.eu\/cs\/wp-json\/wp\/v2\/comments?post=18556"}],"wp:featuredmedia":[{"embeddable":true,"href":"https:\/\/www.divikom.eu\/cs\/wp-json\/wp\/v2\/media\/18699"}],"wp:attachment":[{"href":"https:\/\/www.divikom.eu\/cs\/wp-json\/wp\/v2\/media?parent=18556"}],"wp:term":[{"taxonomy":"product_brand","embeddable":true,"href":"https:\/\/www.divikom.eu\/cs\/wp-json\/wp\/v2\/product_brand?post=18556"},{"taxonomy":"product_cat","embeddable":true,"href":"https:\/\/www.divikom.eu\/cs\/wp-json\/wp\/v2\/product_cat?post=18556"},{"taxonomy":"product_tag","embeddable":true,"href":"https:\/\/www.divikom.eu\/cs\/wp-json\/wp\/v2\/product_tag?post=18556"}],"curies":[{"name":"wp","href":"https:\/\/api.w.org\/{rel}","templated":true}]}}

Vozík na nářadí 4 zásuvky, 920x720x500 mm

<p>920 × 720 × 500 mm (V × Š × H), 4× zásuvka, výsuv 80%, nosnost 80 kg/zásuvku, pohodlná hliníková úchytová lišta s popisovacím polem, centrální uzamykání s cylindrickým zámkem, pojistka proti převrácení – zabraňuje současnému vysunutí více zásuvek, horní odkládací deska s gumovou podložkou a lištou proti vypadnutí drobných předmětů, ovládací madlo, 2× pevná kolečka, 2× otočná kolečka s brzdou, průměr 80 mm, korpus světle šedý RAL 7035 / čela zásuvek světle modrá RAL 5012, práškově lakováno</p>
