{"id":17146,"date":"2025-06-07T21:52:34","date_gmt":"2025-06-07T19:52:34","guid":{"rendered":"https:\/\/wptest.divikom.eu\/?post_type=product&#038;p=17146"},"modified":"2026-08-28T12:51:43","modified_gmt":"2026-08-28T10:51:43","slug":"skispind-2dilny","status":"publish","type":"product","link":"https:\/\/www.divikom.eu\/cs\/p\/skispind-2-teilig\/","title":{"rendered":"Sk\u0159\u00ed\u0148ka na ly\u017ee, 2d\u00edln\u00e1 \u2014 2 p\u00e1ry ly\u017e\u00ed s ly\u017ea\u0159sk\u00fdmi holemi"},"content":{"rendered":"<p>1920 \u00d7 800 \u00d7 520 mm (V \u00d7 \u0160 \u00d7 H), ly\u017ea\u0159sk\u00e1 sk\u0159\u00ed\u0148ka pro 2 p\u00e1ry ly\u017e\u00ed s ly\u017ea\u0159sk\u00fdmi holemi a ly\u017ea\u0159sk\u00fdmi botami v ka\u017ed\u00e9 p\u0159ihr\u00e1dce, pozinkovan\u00fd ocelov\u00fd plech, otvor ve dn\u011b, uzamyk\u00e1n\u00ed cylindrick\u00fdm z\u00e1mkem se 2 kl\u00ed\u010di, barva korpusu sv\u011btle \u0161ed\u00e1 RAL 7035, dve\u0159e voliteln\u00e9, pr\u00e1\u0161kov\u011b lakovan\u00e9<\/p>","protected":false},"excerpt":{"rendered":"<p>1920 \u00d7 800 \u00d7 520 mm (V \u00d7 \u0160 \u00d7 H), ly\u017ea\u0159sk\u00e1 sk\u0159\u00ed\u0148ka pro 2 p\u00e1ry ly\u017e\u00ed s ly\u017ea\u0159sk\u00fdmi holemi a ly\u017ea\u0159sk\u00fdmi botami v ka\u017ed\u00e9 p\u0159ihr\u00e1dce, pozinkovan\u00fd ocelov\u00fd plech, otvor ve dn\u011b, uzamyk\u00e1n\u00ed cylindrick\u00fdm z\u00e1mkem se 2 kl\u00ed\u010di, barva korpusu sv\u011btle \u0161ed\u00e1 RAL 7035, dve\u0159e voliteln\u00e9, pr\u00e1\u0161kov\u011b lakovan\u00e9<\/p>","protected":false},"featured_media":17159,"comment_status":"open","ping_status":"closed","template":"","meta":[],"product_brand":[544],"product_cat":[46,591],"product_tag":[],"class_list":["post-17146","product","type-product","status-publish","has-post-thumbnail","product_brand-divikom-stahlmoebel","product_cat-spinde","product_cat-spinde-fuer-ski","pa_abteilbreite-400-mm","pa_anzahl-abteile-91","pa_breite-800-mm","pa_faecher-pro-abteil-94","pa_hoehe-1920-mm","pa_lieferung-standard-programm","pa_tuer-farbe-ral7035","pa_verschluss-drehriegelverschluss","pa_verschluss-zylinderschloss","first","instock","taxable","shipping-taxable","purchasable","product-type-simple"],"_links":{"self":[{"href":"https:\/\/www.divikom.eu\/cs\/wp-json\/wp\/v2\/product\/17146","targetHints":{"allow":["GET"]}}],"collection":[{"href":"https:\/\/www.divikom.eu\/cs\/wp-json\/wp\/v2\/product"}],"about":[{"href":"https:\/\/www.divikom.eu\/cs\/wp-json\/wp\/v2\/types\/product"}],"replies":[{"embeddable":true,"href":"https:\/\/www.divikom.eu\/cs\/wp-json\/wp\/v2\/comments?post=17146"}],"wp:featuredmedia":[{"embeddable":true,"href":"https:\/\/www.divikom.eu\/cs\/wp-json\/wp\/v2\/media\/17159"}],"wp:attachment":[{"href":"https:\/\/www.divikom.eu\/cs\/wp-json\/wp\/v2\/media?parent=17146"}],"wp:term":[{"taxonomy":"product_brand","embeddable":true,"href":"https:\/\/www.divikom.eu\/cs\/wp-json\/wp\/v2\/product_brand?post=17146"},{"taxonomy":"product_cat","embeddable":true,"href":"https:\/\/www.divikom.eu\/cs\/wp-json\/wp\/v2\/product_cat?post=17146"},{"taxonomy":"product_tag","embeddable":true,"href":"https:\/\/www.divikom.eu\/cs\/wp-json\/wp\/v2\/product_tag?post=17146"}],"curies":[{"name":"wp","href":"https:\/\/api.w.org\/{rel}","templated":true}]}}

Skříňka na lyže, 2dílná — 2 páry lyží s lyžařskými holemi

<p>1920 × 800 × 520 mm (V × Š × H), lyžařská skříňka pro 2 páry lyží s lyžařskými holemi a lyžařskými botami v každé přihrádce, pozinkovaný ocelový plech, otvor ve dně, uzamykání cylindrickým zámkem se 2 klíči, barva korpusu světle šedá RAL 7035, dveře volitelné, práškově lakované</p>
