{"id":16605,"date":"2025-04-19T21:34:55","date_gmt":"2025-04-19T19:34:55","guid":{"rendered":"https:\/\/wptest.divikom.eu\/p\/spind-mit-3-holztueren\/"},"modified":"2026-08-28T12:51:46","modified_gmt":"2026-08-28T10:51:46","slug":"skrin-se-tremi-drevenymi-dvermi","status":"publish","type":"product","link":"https:\/\/www.divikom.eu\/cs\/p\/spind-mit-3-holztueren\/","title":{"rendered":"Sk\u0159\u00ed\u0148ka se 3 d\u0159ev\u011bn\u00fdmi dv\u00ed\u0159ky"},"content":{"rendered":"<p>1800 \u00d7 1200 \u00d7 500 mm (V \u00d7 \u0160 \u00d7 H), dve\u0159e z d\u0159evot\u0159\u00edsky s melaminovou povrchovou \u00fapravou a ABS hranami, horn\u00ed police, \u0161atn\u00ed ty\u010d se 3 h\u00e1\u010dky, uz\u00e1v\u011br: cylindrick\u00fd z\u00e1mek se 2 kl\u00ed\u010di nebo bezpe\u010dnostn\u00ed oto\u010dn\u00fd uz\u00e1v\u011br pro visac\u00ed z\u00e1mek, barva korpusu sv\u011btle \u0161ed\u00e1 RAL 7035, pr\u00e1\u0161kov\u011b lakov\u00e1no \/ dve\u0159e v dekoru d\u0159eva, voliteln\u00e9<\/p>","protected":false},"excerpt":{"rendered":"<p>1800 \u00d7 1200 \u00d7 500 mm (V \u00d7 \u0160 \u00d7 H), dve\u0159e z d\u0159evot\u0159\u00edsky s melaminovou povrchovou \u00fapravou a ABS hranami, horn\u00ed police, \u0161atn\u00ed ty\u010d se 3 h\u00e1\u010dky, uz\u00e1v\u011br: cylindrick\u00fd z\u00e1mek se 2 kl\u00ed\u010di nebo bezpe\u010dnostn\u00ed oto\u010dn\u00fd uz\u00e1v\u011br pro visac\u00ed z\u00e1mek, barva korpusu sv\u011btle \u0161ed\u00e1 RAL 7035, pr\u00e1\u0161kov\u011b lakov\u00e1no \/ dve\u0159e v dekoru d\u0159eva, voliteln\u00e9<\/p>","protected":false},"featured_media":16606,"comment_status":"open","ping_status":"open","template":"","meta":[],"product_brand":[544],"product_cat":[580],"product_tag":[],"class_list":["post-16605","product","type-product","status-publish","has-post-thumbnail","product_brand-divikom-stahlmoebel","product_cat-stahlspinde-mit-holztueren","pa_breite-1200-mm","pa_hoehe-1800-mm","pa_holzdekor-nussbaum","pa_holzdekor-kirsche","pa_holzdekor-birke","pa_holzdekor-buche","pa_holzdekor-eiche","pa_holzdekor-erle","pa_lieferung-standard-programm","pa_verschluss-zylinderschloss","pa_verschluss-drehriegelverschluss","first","instock","taxable","shipping-taxable","purchasable","product-type-variable"],"_links":{"self":[{"href":"https:\/\/www.divikom.eu\/cs\/wp-json\/wp\/v2\/product\/16605","targetHints":{"allow":["GET"]}}],"collection":[{"href":"https:\/\/www.divikom.eu\/cs\/wp-json\/wp\/v2\/product"}],"about":[{"href":"https:\/\/www.divikom.eu\/cs\/wp-json\/wp\/v2\/types\/product"}],"replies":[{"embeddable":true,"href":"https:\/\/www.divikom.eu\/cs\/wp-json\/wp\/v2\/comments?post=16605"}],"wp:featuredmedia":[{"embeddable":true,"href":"https:\/\/www.divikom.eu\/cs\/wp-json\/wp\/v2\/media\/16606"}],"wp:attachment":[{"href":"https:\/\/www.divikom.eu\/cs\/wp-json\/wp\/v2\/media?parent=16605"}],"wp:term":[{"taxonomy":"product_brand","embeddable":true,"href":"https:\/\/www.divikom.eu\/cs\/wp-json\/wp\/v2\/product_brand?post=16605"},{"taxonomy":"product_cat","embeddable":true,"href":"https:\/\/www.divikom.eu\/cs\/wp-json\/wp\/v2\/product_cat?post=16605"},{"taxonomy":"product_tag","embeddable":true,"href":"https:\/\/www.divikom.eu\/cs\/wp-json\/wp\/v2\/product_tag?post=16605"}],"curies":[{"name":"wp","href":"https:\/\/api.w.org\/{rel}","templated":true}]}}

Skříňka se 3 dřevěnými dvířky

<p>1800 × 1200 × 500 mm (V × Š × H), dveře z dřevotřísky s melaminovou povrchovou úpravou a ABS hranami, horní police, šatní tyč se 3 háčky, uzávěr: cylindrický zámek se 2 klíči nebo bezpečnostní otočný uzávěr pro visací zámek, barva korpusu světle šedá RAL 7035, práškově lakováno / dveře v dekoru dřeva, volitelné</p>
