{"id":14681,"date":"2025-04-18T19:20:13","date_gmt":"2025-04-18T17:20:13","guid":{"rendered":"https:\/\/wptest.divikom.eu\/p\/werktisch-mit-3-haengeschubladen-200-cm\/"},"modified":"2026-08-28T12:51:52","modified_gmt":"2026-08-28T10:51:52","slug":"pracovni-stul-se-3-zavesnymi-zasuvkami-200-cm","status":"publish","type":"product","link":"https:\/\/www.divikom.eu\/cs\/p\/werktisch-mit-3-haengeschubladen-200-cm\/","title":{"rendered":"Pracovn\u00ed st\u016fl se 3 z\u00e1v\u011bsn\u00fdmi z\u00e1suvkami, 200 cm"},"content":{"rendered":"<p>880 \u00d7 2000 \u00d7 700 mm (V\u00d7\u0160\u00d7H), vod\u011bodoln\u00e1 masivn\u00ed bukov\u00e1 pracovn\u00ed deska, tlou\u0161\u0165ka 40 mm, se zkosen\u00fdmi hranami, o\u0161et\u0159en\u00e1 ln\u011bnou ferme\u017e\u00ed, 2\u00d7 noha bez mo\u017enosti se\u0159\u00edzen\u00ed, v\u00fd\u0161ka pracovn\u00ed plochy stolu 880 mm (V\u00d7\u0160\u00d7H), 1\u00d7 DPATRN200N \u2013 spojovac\u00ed trubka nohou, d\u00e9lka 2000 mm, 1\u00d7 DKU6U3AS \u2013 z\u00e1v\u011bsn\u00fd z\u00e1suvkov\u00fd modul se 3 z\u00e1suvkami 24D\u00d727D\u00d76U, 3\u00d7 2U, v\u00fdsuv 100%, nosnost 40 kg, uzamyk\u00e1n\u00ed cylindrick\u00fdm z\u00e1mkem, pohodln\u00e1 hlin\u00edkov\u00e1 \u00fachytov\u00e1 li\u0161ta s popisovac\u00edm polem, barva: nohy sv\u011btle \u0161ed\u00e1 RAL 7035, z\u00e1suvky voliteln\u00e9, pr\u00e1\u0161kov\u011b lakovan\u00e9<\/p>","protected":false},"excerpt":{"rendered":"<p>880 \u00d7 2000 \u00d7 700 mm (V\u00d7\u0160\u00d7H), vod\u011bodoln\u00e1 masivn\u00ed bukov\u00e1 pracovn\u00ed deska, tlou\u0161\u0165ka 40 mm, se zkosen\u00fdmi hranami, o\u0161et\u0159en\u00e1 ln\u011bnou ferme\u017e\u00ed, 2\u00d7 noha bez mo\u017enosti se\u0159\u00edzen\u00ed, v\u00fd\u0161ka pracovn\u00ed plochy stolu 880 mm (V\u00d7\u0160\u00d7H), 1\u00d7 DPATRN200N \u2013 spojovac\u00ed trubka nohou, d\u00e9lka 2000 mm, 1\u00d7 DKU6U3AS \u2013 z\u00e1v\u011bsn\u00fd z\u00e1suvkov\u00fd modul se 3 z\u00e1suvkami 24D\u00d727D\u00d76U, 3\u00d7 2U, v\u00fdsuv 100%, nosnost 40 kg, uzamyk\u00e1n\u00ed cylindrick\u00fdm z\u00e1mkem, pohodln\u00e1 hlin\u00edkov\u00e1 \u00fachytov\u00e1 li\u0161ta s popisovac\u00edm polem, barva: nohy sv\u011btle \u0161ed\u00e1 RAL 7035, z\u00e1suvky voliteln\u00e9, pr\u00e1\u0161kov\u011b lakovan\u00e9<\/p>","protected":false},"featured_media":17707,"comment_status":"open","ping_status":"open","template":"","meta":[],"product_brand":[544],"product_cat":[571],"product_tag":[],"class_list":["post-14681","product","type-product","status-publish","has-post-thumbnail","product_brand-divikom-stahlmoebel","product_cat-werktische-dpb","pa_auszug-100-auszug-traglast-40-kg","pa_breite-2000-mm","pa_hoehe-506","pa_tuer-farbe-ral5012","pa_tuer-farbe-ral3000","pa_tuer-farbe-ral1023","pa_tuer-farbe-ral2004","pa_tuer-farbe-ral5009","pa_tuer-farbe-ral5010","pa_tuer-farbe-ral6024","pa_tuer-farbe-ral7016","pa_tuer-farbe-ral7035","first","instock","taxable","shipping-taxable","purchasable","product-type-variable","has-default-attributes"],"_links":{"self":[{"href":"https:\/\/www.divikom.eu\/cs\/wp-json\/wp\/v2\/product\/14681","targetHints":{"allow":["GET"]}}],"collection":[{"href":"https:\/\/www.divikom.eu\/cs\/wp-json\/wp\/v2\/product"}],"about":[{"href":"https:\/\/www.divikom.eu\/cs\/wp-json\/wp\/v2\/types\/product"}],"replies":[{"embeddable":true,"href":"https:\/\/www.divikom.eu\/cs\/wp-json\/wp\/v2\/comments?post=14681"}],"wp:featuredmedia":[{"embeddable":true,"href":"https:\/\/www.divikom.eu\/cs\/wp-json\/wp\/v2\/media\/17707"}],"wp:attachment":[{"href":"https:\/\/www.divikom.eu\/cs\/wp-json\/wp\/v2\/media?parent=14681"}],"wp:term":[{"taxonomy":"product_brand","embeddable":true,"href":"https:\/\/www.divikom.eu\/cs\/wp-json\/wp\/v2\/product_brand?post=14681"},{"taxonomy":"product_cat","embeddable":true,"href":"https:\/\/www.divikom.eu\/cs\/wp-json\/wp\/v2\/product_cat?post=14681"},{"taxonomy":"product_tag","embeddable":true,"href":"https:\/\/www.divikom.eu\/cs\/wp-json\/wp\/v2\/product_tag?post=14681"}],"curies":[{"name":"wp","href":"https:\/\/api.w.org\/{rel}","templated":true}]}}

Pracovní stůl se 3 závěsnými zásuvkami, 200 cm

<p>880 × 2000 × 700 mm (V×Š×H), voděodolná masivní buková pracovní deska, tloušťka 40 mm, se zkosenými hranami, ošetřená lněnou fermeží, 2× noha bez možnosti seřízení, výška pracovní plochy stolu 880 mm (V×Š×H), 1× DPATRN200N – spojovací trubka nohou, délka 2000 mm, 1× DKU6U3AS – závěsný zásuvkový modul se 3 zásuvkami 24D×27D×6U, 3× 2U, výsuv 100%, nosnost 40 kg, uzamykání cylindrickým zámkem, pohodlná hliníková úchytová lišta s popisovacím polem, barva: nohy světle šedá RAL 7035, zásuvky volitelné, práškově lakované</p>
