{"id":14659,"date":"2025-04-18T19:19:16","date_gmt":"2025-04-18T17:19:16","guid":{"rendered":"https:\/\/wptest.divikom.eu\/p\/werktisch-mit-haengeschubladenschrank-200-cm\/"},"modified":"2026-08-28T12:51:53","modified_gmt":"2026-08-28T10:51:53","slug":"pracovni-stul-se-zavesnou-zasuvkovou-skrinkou-200-cm","status":"publish","type":"product","link":"https:\/\/www.divikom.eu\/cs\/p\/werktisch-mit-haengeschubladenschrank-200-cm\/","title":{"rendered":"Pracovn\u00ed st\u016fl se z\u00e1v\u011bsnou z\u00e1suvkovou sk\u0159\u00ed\u0148kou 200 cm"},"content":{"rendered":"<p>880\u00d72000\u00d7700 mm (V\u00d7\u0160\u00d7H), vod\u011bodoln\u00e1 masivn\u00ed bukov\u00e1 stolov\u00e1 deska, tl. 40 mm, se zkosen\u00fdmi hranami, o\u0161et\u0159en\u00e1 ln\u011bnou ferme\u017e\u00ed, 2\u00d7 noha bez mo\u017enosti se\u0159\u00edzen\u00ed, v\u00fd\u0161ka pracovn\u00ed plochy stolu 880 mm (V\u00d7\u0160\u00d7H), 1\u00d7 DPATRN200N \u2013 spojovac\u00ed trubka nohou, d\u00e9lka 2000 mm, 1\u00d7 DKU6U2AS \u2013 z\u00e1v\u011bsn\u00fd z\u00e1suvkov\u00fd kontejner se 2 z\u00e1suvkami 24D\u00d727D\u00d76U, 1\u00d7 2U, 1\u00d7 4U, v\u00fdsuv 100%, nosnost 40 kg, uzamyk\u00e1n\u00ed cylindrick\u00fdm z\u00e1mkem, komfortn\u00ed hlin\u00edkov\u00e1 \u00fachytov\u00e1 li\u0161ta s popisov\u00fdm polem, barva: nohy sv\u011btle \u0161ed\u00e1 RAL 7035, z\u00e1suvky voliteln\u00e9, pr\u00e1\u0161kov\u011b lakovan\u00e9<\/p>","protected":false},"excerpt":{"rendered":"<p>880\u00d72000\u00d7700 mm (V\u00d7\u0160\u00d7H), vod\u011bodoln\u00e1 masivn\u00ed bukov\u00e1 stolov\u00e1 deska, tl. 40 mm, se zkosen\u00fdmi hranami, o\u0161et\u0159en\u00e1 ln\u011bnou ferme\u017e\u00ed, 2\u00d7 noha bez mo\u017enosti se\u0159\u00edzen\u00ed, v\u00fd\u0161ka pracovn\u00ed plochy stolu 880 mm (V\u00d7\u0160\u00d7H), 1\u00d7 DPATRN200N \u2013 spojovac\u00ed trubka nohou, d\u00e9lka 2000 mm, 1\u00d7 DKU6U2AS \u2013 z\u00e1v\u011bsn\u00fd z\u00e1suvkov\u00fd kontejner se 2 z\u00e1suvkami 24D\u00d727D\u00d76U, 1\u00d7 2U, 1\u00d7 4U, v\u00fdsuv 100%, nosnost 40 kg, uzamyk\u00e1n\u00ed cylindrick\u00fdm z\u00e1mkem, komfortn\u00ed hlin\u00edkov\u00e1 \u00fachytov\u00e1 li\u0161ta s popisov\u00fdm polem, barva: nohy sv\u011btle \u0161ed\u00e1 RAL 7035, z\u00e1suvky voliteln\u00e9, pr\u00e1\u0161kov\u011b lakovan\u00e9<\/p>","protected":false},"featured_media":17705,"comment_status":"open","ping_status":"open","template":"","meta":[],"product_brand":[544],"product_cat":[571],"product_tag":[],"class_list":["post-14659","product","type-product","status-publish","has-post-thumbnail","product_brand-divikom-stahlmoebel","product_cat-werktische-dpb","pa_auszug-100-auszug-traglast-40-kg","pa_breite-2000-mm","pa_hoehe-506","pa_tuer-farbe-ral3000","pa_tuer-farbe-ral1023","pa_tuer-farbe-ral2004","pa_tuer-farbe-ral5009","pa_tuer-farbe-ral5010","pa_tuer-farbe-ral6024","pa_tuer-farbe-ral7016","pa_tuer-farbe-ral7035","pa_tuer-farbe-ral5012","first","instock","taxable","shipping-taxable","purchasable","product-type-variable","has-default-attributes"],"_links":{"self":[{"href":"https:\/\/www.divikom.eu\/cs\/wp-json\/wp\/v2\/product\/14659","targetHints":{"allow":["GET"]}}],"collection":[{"href":"https:\/\/www.divikom.eu\/cs\/wp-json\/wp\/v2\/product"}],"about":[{"href":"https:\/\/www.divikom.eu\/cs\/wp-json\/wp\/v2\/types\/product"}],"replies":[{"embeddable":true,"href":"https:\/\/www.divikom.eu\/cs\/wp-json\/wp\/v2\/comments?post=14659"}],"wp:featuredmedia":[{"embeddable":true,"href":"https:\/\/www.divikom.eu\/cs\/wp-json\/wp\/v2\/media\/17705"}],"wp:attachment":[{"href":"https:\/\/www.divikom.eu\/cs\/wp-json\/wp\/v2\/media?parent=14659"}],"wp:term":[{"taxonomy":"product_brand","embeddable":true,"href":"https:\/\/www.divikom.eu\/cs\/wp-json\/wp\/v2\/product_brand?post=14659"},{"taxonomy":"product_cat","embeddable":true,"href":"https:\/\/www.divikom.eu\/cs\/wp-json\/wp\/v2\/product_cat?post=14659"},{"taxonomy":"product_tag","embeddable":true,"href":"https:\/\/www.divikom.eu\/cs\/wp-json\/wp\/v2\/product_tag?post=14659"}],"curies":[{"name":"wp","href":"https:\/\/api.w.org\/{rel}","templated":true}]}}

Pracovní stůl se závěsnou zásuvkovou skříňkou 200 cm

<p>880×2000×700 mm (V×Š×H), voděodolná masivní buková stolová deska, tl. 40 mm, se zkosenými hranami, ošetřená lněnou fermeží, 2× noha bez možnosti seřízení, výška pracovní plochy stolu 880 mm (V×Š×H), 1× DPATRN200N – spojovací trubka nohou, délka 2000 mm, 1× DKU6U2AS – závěsný zásuvkový kontejner se 2 zásuvkami 24D×27D×6U, 1× 2U, 1× 4U, výsuv 100%, nosnost 40 kg, uzamykání cylindrickým zámkem, komfortní hliníková úchytová lišta s popisovým polem, barva: nohy světle šedá RAL 7035, zásuvky volitelné, práškově lakované</p>
