{"id":14610,"date":"2025-04-18T19:18:52","date_gmt":"2025-04-18T17:18:52","guid":{"rendered":"https:\/\/wptest.divikom.eu\/p\/werktisch-mit-4-schubladen-200-mm\/"},"modified":"2026-08-28T12:51:53","modified_gmt":"2026-08-28T10:51:53","slug":"pracovni-stul-se-4-zasuvkami-200-mm","status":"publish","type":"product","link":"https:\/\/www.divikom.eu\/cs\/p\/werktisch-mit-4-schubladen-200-mm\/","title":{"rendered":"Pracovn\u00ed st\u016fl se 4 z\u00e1suvkami 200 mm"},"content":{"rendered":"<p>880 \u00d7 2000 \u00d7 700 mm (V \u00d7 \u0160 \u00d7 H), stolov\u00e1 deska z masivn\u00ed bukov\u00e9 sp\u00e1rovky vodovzdorn\u011b lepen\u00e9, tlou\u0161\u0165ka 40 mm, se zkosen\u00fdmi hranami, o\u0161et\u0159en\u00e1 ln\u011bn\u00fdm olejov\u00fdm firnisem, 1\u00d7 noha bez mo\u017enosti se\u0159\u00edzen\u00ed, v\u00fd\u0161ka pracovn\u00ed plochy stolu 880 mm (V \u00d7 \u0160 \u00d7 H), 1\u00d7 DKU17U4AS \u2013 d\u00edlensk\u00e1 z\u00e1suvkov\u00e1 sk\u0159\u00ed\u0148ka se 4 z\u00e1suvkami 24D \u00d7 27D, 1\u00d7 2U, 1\u00d7 4U, 1\u00d7 5U, 1\u00d7 6U, v\u00fdsuv 100%, nosnost 40 kg, centr\u00e1ln\u00ed uzamyk\u00e1n\u00ed cylindrick\u00fdm z\u00e1mkem, komfortn\u00ed hlin\u00edkov\u00e9 madlov\u00e9 li\u0161ty s popisov\u00fdm polem, barva: nohy sv\u011btle \u0161ed\u00e1 RAL7035, z\u00e1suvky voliteln\u00e9, pr\u00e1\u0161kov\u011b lakovan\u00e9<\/p>","protected":false},"excerpt":{"rendered":"<p>880 \u00d7 2000 \u00d7 700 mm (V \u00d7 \u0160 \u00d7 H), stolov\u00e1 deska z masivn\u00ed bukov\u00e9 sp\u00e1rovky vodovzdorn\u011b lepen\u00e9, tlou\u0161\u0165ka 40 mm, se zkosen\u00fdmi hranami, o\u0161et\u0159en\u00e1 ln\u011bn\u00fdm olejov\u00fdm firnisem, 1\u00d7 noha bez mo\u017enosti se\u0159\u00edzen\u00ed, v\u00fd\u0161ka pracovn\u00ed plochy stolu 880 mm (V \u00d7 \u0160 \u00d7 H), 1\u00d7 DKU17U4AS \u2013 d\u00edlensk\u00e1 z\u00e1suvkov\u00e1 sk\u0159\u00ed\u0148ka se 4 z\u00e1suvkami 24D \u00d7 27D, 1\u00d7 2U, 1\u00d7 4U, 1\u00d7 5U, 1\u00d7 6U, v\u00fdsuv 100%, nosnost 40 kg, centr\u00e1ln\u00ed uzamyk\u00e1n\u00ed cylindrick\u00fdm z\u00e1mkem, komfortn\u00ed hlin\u00edkov\u00e9 madlov\u00e9 li\u0161ty s popisov\u00fdm polem, barva: nohy sv\u011btle \u0161ed\u00e1 RAL7035, z\u00e1suvky voliteln\u00e9, pr\u00e1\u0161kov\u011b lakovan\u00e9<\/p>","protected":false},"featured_media":17686,"comment_status":"open","ping_status":"open","template":"","meta":[],"product_brand":[544],"product_cat":[571],"product_tag":[],"class_list":["post-14610","product","type-product","status-publish","has-post-thumbnail","product_brand-divikom-stahlmoebel","product_cat-werktische-dpb","pa_auszug-100-auszug-traglast-40-kg","pa_breite-2000-mm","pa_hoehe-506","pa_tuer-farbe-ral5010","pa_tuer-farbe-ral6024","pa_tuer-farbe-ral7016","pa_tuer-farbe-ral7035","pa_tuer-farbe-ral5012","pa_tuer-farbe-ral3000","pa_tuer-farbe-ral1023","pa_tuer-farbe-ral2004","pa_tuer-farbe-ral5009","first","instock","taxable","shipping-taxable","purchasable","product-type-variable","has-default-attributes"],"_links":{"self":[{"href":"https:\/\/www.divikom.eu\/cs\/wp-json\/wp\/v2\/product\/14610","targetHints":{"allow":["GET"]}}],"collection":[{"href":"https:\/\/www.divikom.eu\/cs\/wp-json\/wp\/v2\/product"}],"about":[{"href":"https:\/\/www.divikom.eu\/cs\/wp-json\/wp\/v2\/types\/product"}],"replies":[{"embeddable":true,"href":"https:\/\/www.divikom.eu\/cs\/wp-json\/wp\/v2\/comments?post=14610"}],"wp:featuredmedia":[{"embeddable":true,"href":"https:\/\/www.divikom.eu\/cs\/wp-json\/wp\/v2\/media\/17686"}],"wp:attachment":[{"href":"https:\/\/www.divikom.eu\/cs\/wp-json\/wp\/v2\/media?parent=14610"}],"wp:term":[{"taxonomy":"product_brand","embeddable":true,"href":"https:\/\/www.divikom.eu\/cs\/wp-json\/wp\/v2\/product_brand?post=14610"},{"taxonomy":"product_cat","embeddable":true,"href":"https:\/\/www.divikom.eu\/cs\/wp-json\/wp\/v2\/product_cat?post=14610"},{"taxonomy":"product_tag","embeddable":true,"href":"https:\/\/www.divikom.eu\/cs\/wp-json\/wp\/v2\/product_tag?post=14610"}],"curies":[{"name":"wp","href":"https:\/\/api.w.org\/{rel}","templated":true}]}}

Pracovní stůl se 4 zásuvkami 200 mm

<p>880 × 2000 × 700 mm (V × Š × H), stolová deska z masivní bukové spárovky vodovzdorně lepené, tloušťka 40 mm, se zkosenými hranami, ošetřená lněným olejovým firnisem, 1× noha bez možnosti seřízení, výška pracovní plochy stolu 880 mm (V × Š × H), 1× DKU17U4AS – dílenská zásuvková skříňka se 4 zásuvkami 24D × 27D, 1× 2U, 1× 4U, 1× 5U, 1× 6U, výsuv 100%, nosnost 40 kg, centrální uzamykání cylindrickým zámkem, komfortní hliníkové madlové lišty s popisovým polem, barva: nohy světle šedá RAL7035, zásuvky volitelné, práškově lakované</p>
