{"id":14194,"date":"2025-04-18T18:00:03","date_gmt":"2025-04-18T16:00:03","guid":{"rendered":"https:\/\/wptest.divikom.eu\/p\/werkzeugschrank-195x92x50-cm-3-fachboeden-7-schubladen\/"},"modified":"2026-09-04T04:34:22","modified_gmt":"2026-09-04T02:34:22","slug":"skrin-na-naradi-195-x-92-x-50-cm-3-police-7-zasuvek","status":"publish","type":"product","link":"https:\/\/www.divikom.eu\/cs\/p\/werkzeugschrank-195x92x50-cm-3-fachboeden-7-schubladen\/","title":{"rendered":"Sk\u0159\u00ed\u0148 na n\u00e1\u0159ad\u00ed 195x92x50 cm 3 police + 7 z\u00e1suvek"},"content":{"rendered":"<p>N\u00e1\u0159a\u010fov\u00e1 sk\u0159\u00ed\u0148, rozm\u011bry: 1950 \u00d7 920 \u00d7 500 mm (V \u00d7 \u0160 \u00d7 H), 3 police, nosnost 80 kg\/police, v\u00fd\u0161kov\u011b nastaviteln\u00e9 v rastru 25 mm, z\u00e1suvky: 2\u00d7 2U, 3\u00d7 3U, 2\u00d7 4U, nosnost 40 kg, v\u00fdsuv 100%, dvoust\u011bnn\u00e9 k\u0159\u00eddlov\u00e9 dve\u0159e s cylindrick\u00fdm z\u00e1mkem a t\u0159\u00edbodov\u00fdm uzamykac\u00edm mechanismem, barva korpusu sv\u011btle \u0161ed\u00e1 RAL 7035, dve\u0159e\/\u010dela z\u00e1suvek voliteln\u00e9, pr\u00e1\u0161kov\u011b lakov\u00e1no<\/p>","protected":false},"excerpt":{"rendered":"<p>N\u00e1\u0159a\u010fov\u00e1 sk\u0159\u00ed\u0148, rozm\u011bry: 1950 \u00d7 920 \u00d7 500 mm (V \u00d7 \u0160 \u00d7 H), 3 police, nosnost 80 kg\/police, v\u00fd\u0161kov\u011b nastaviteln\u00e9 v rastru 25 mm, z\u00e1suvky: 2\u00d7 2U, 3\u00d7 3U, 2\u00d7 4U, nosnost 40 kg, v\u00fdsuv 100%, dvoust\u011bnn\u00e9 k\u0159\u00eddlov\u00e9 dve\u0159e s cylindrick\u00fdm z\u00e1mkem a t\u0159\u00edbodov\u00fdm uzamykac\u00edm mechanismem, barva korpusu sv\u011btle \u0161ed\u00e1 RAL 7035, dve\u0159e\/\u010dela z\u00e1suvek voliteln\u00e9, pr\u00e1\u0161kov\u011b lakov\u00e1no<\/p>","protected":false},"featured_media":14195,"comment_status":"open","ping_status":"open","template":"","meta":[],"product_brand":[544],"product_cat":[565],"product_tag":[],"class_list":["post-14194","product","type-product","status-publish","has-post-thumbnail","product_brand-divikom-stahlmoebel","product_cat-werkzeugschraenke-dsu-b92","pa_auszug-100-auszug-traglast-40-kg","pa_breite-405","pa_hoehe-406","pa_tuer-farbe-ral7035","pa_tuer-farbe-ral5012","pa_tuer-farbe-ral3000","pa_tuer-farbe-ral1023","pa_tuer-farbe-ral2004","pa_tuer-farbe-ral5009","pa_tuer-farbe-ral5010","pa_tuer-farbe-ral6024","pa_tuer-farbe-ral7016","first","instock","taxable","shipping-taxable","purchasable","product-type-variable"],"_links":{"self":[{"href":"https:\/\/www.divikom.eu\/cs\/wp-json\/wp\/v2\/product\/14194","targetHints":{"allow":["GET"]}}],"collection":[{"href":"https:\/\/www.divikom.eu\/cs\/wp-json\/wp\/v2\/product"}],"about":[{"href":"https:\/\/www.divikom.eu\/cs\/wp-json\/wp\/v2\/types\/product"}],"replies":[{"embeddable":true,"href":"https:\/\/www.divikom.eu\/cs\/wp-json\/wp\/v2\/comments?post=14194"}],"wp:featuredmedia":[{"embeddable":true,"href":"https:\/\/www.divikom.eu\/cs\/wp-json\/wp\/v2\/media\/14195"}],"wp:attachment":[{"href":"https:\/\/www.divikom.eu\/cs\/wp-json\/wp\/v2\/media?parent=14194"}],"wp:term":[{"taxonomy":"product_brand","embeddable":true,"href":"https:\/\/www.divikom.eu\/cs\/wp-json\/wp\/v2\/product_brand?post=14194"},{"taxonomy":"product_cat","embeddable":true,"href":"https:\/\/www.divikom.eu\/cs\/wp-json\/wp\/v2\/product_cat?post=14194"},{"taxonomy":"product_tag","embeddable":true,"href":"https:\/\/www.divikom.eu\/cs\/wp-json\/wp\/v2\/product_tag?post=14194"}],"curies":[{"name":"wp","href":"https:\/\/api.w.org\/{rel}","templated":true}]}}

Skříň na nářadí 195x92x50 cm 3 police + 7 zásuvek

<p>Nářaďová skříň, rozměry: 1950 × 920 × 500 mm (V × Š × H), 3 police, nosnost 80 kg/police, výškově nastavitelné v rastru 25 mm, zásuvky: 2× 2U, 3× 3U, 2× 4U, nosnost 40 kg, výsuv 100%, dvoustěnné křídlové dveře s cylindrickým zámkem a tříbodovým uzamykacím mechanismem, barva korpusu světle šedá RAL 7035, dveře/čela zásuvek volitelné, práškově lakováno</p>
