{"id":14117,"date":"2025-04-18T17:56:05","date_gmt":"2025-04-18T15:56:05","guid":{"rendered":"https:\/\/wptest.divikom.eu\/p\/werkzeugschrank-hoch-195x92x50-cm-4-fachboeden\/"},"modified":"2026-08-28T12:52:00","modified_gmt":"2026-08-28T10:52:00","slug":"vysoka-skrin-na-naradi-195-x-92-x-50-cm-4-police","status":"publish","type":"product","link":"https:\/\/www.divikom.eu\/cs\/p\/werkzeugschrank-hoch-195x92x50-cm-4-fachboeden\/","title":{"rendered":"Vysok\u00e1 sk\u0159\u00ed\u0148 na n\u00e1\u0159ad\u00ed 195x92x50 cm 4 police"},"content":{"rendered":"<p>Sk\u0159\u00ed\u0148 na n\u00e1\u0159ad\u00ed, rozm\u011bry: 1950 \u00d7 920 \u00d7 500 mm (V \u00d7 \u0160 \u00d7 H), 4 police, nosnost 80 kg\/polici, v\u00fd\u0161kov\u011b staviteln\u00e9 v rastru 25 mm, dvoupl\u00e1\u0161\u0165ov\u00e9 k\u0159\u00eddlov\u00e9 dve\u0159e s cylindrick\u00fdm z\u00e1mkem a t\u0159\u00edbodov\u00fdm uzamykac\u00edm mechanismem, barva korpusu sv\u011btle \u0161ed\u00e1 RAL 7035, dve\u0159e\/\u010dela z\u00e1suvek voliteln\u011b, pr\u00e1\u0161kov\u011b lakov\u00e1no<\/p>","protected":false},"excerpt":{"rendered":"<p>Sk\u0159\u00ed\u0148 na n\u00e1\u0159ad\u00ed, rozm\u011bry: 1950 \u00d7 920 \u00d7 500 mm (V \u00d7 \u0160 \u00d7 H), 4 police, nosnost 80 kg\/polici, v\u00fd\u0161kov\u011b staviteln\u00e9 v rastru 25 mm, dvoupl\u00e1\u0161\u0165ov\u00e9 k\u0159\u00eddlov\u00e9 dve\u0159e s cylindrick\u00fdm z\u00e1mkem a t\u0159\u00edbodov\u00fdm uzamykac\u00edm mechanismem, barva korpusu sv\u011btle \u0161ed\u00e1 RAL 7035, dve\u0159e\/\u010dela z\u00e1suvek voliteln\u011b, pr\u00e1\u0161kov\u011b lakov\u00e1no<\/p>","protected":false},"featured_media":14118,"comment_status":"open","ping_status":"open","template":"","meta":[],"product_brand":[544],"product_cat":[565],"product_tag":[],"class_list":["post-14117","product","type-product","status-publish","has-post-thumbnail","product_brand-divikom-stahlmoebel","product_cat-werkzeugschraenke-dsu-b92","pa_breite-405","pa_hoehe-406","pa_tuer-farbe-ral7035","pa_tuer-farbe-ral5012","pa_tuer-farbe-ral3000","pa_tuer-farbe-ral1023","pa_tuer-farbe-ral2004","pa_tuer-farbe-ral5009","pa_tuer-farbe-ral5010","pa_tuer-farbe-ral6024","pa_tuer-farbe-ral7016","first","instock","taxable","shipping-taxable","purchasable","product-type-variable"],"_links":{"self":[{"href":"https:\/\/www.divikom.eu\/cs\/wp-json\/wp\/v2\/product\/14117","targetHints":{"allow":["GET"]}}],"collection":[{"href":"https:\/\/www.divikom.eu\/cs\/wp-json\/wp\/v2\/product"}],"about":[{"href":"https:\/\/www.divikom.eu\/cs\/wp-json\/wp\/v2\/types\/product"}],"replies":[{"embeddable":true,"href":"https:\/\/www.divikom.eu\/cs\/wp-json\/wp\/v2\/comments?post=14117"}],"wp:featuredmedia":[{"embeddable":true,"href":"https:\/\/www.divikom.eu\/cs\/wp-json\/wp\/v2\/media\/14118"}],"wp:attachment":[{"href":"https:\/\/www.divikom.eu\/cs\/wp-json\/wp\/v2\/media?parent=14117"}],"wp:term":[{"taxonomy":"product_brand","embeddable":true,"href":"https:\/\/www.divikom.eu\/cs\/wp-json\/wp\/v2\/product_brand?post=14117"},{"taxonomy":"product_cat","embeddable":true,"href":"https:\/\/www.divikom.eu\/cs\/wp-json\/wp\/v2\/product_cat?post=14117"},{"taxonomy":"product_tag","embeddable":true,"href":"https:\/\/www.divikom.eu\/cs\/wp-json\/wp\/v2\/product_tag?post=14117"}],"curies":[{"name":"wp","href":"https:\/\/api.w.org\/{rel}","templated":true}]}}

Vysoká skříň na nářadí 195x92x50 cm 4 police

<p>Skříň na nářadí, rozměry: 1950 × 920 × 500 mm (V × Š × H), 4 police, nosnost 80 kg/polici, výškově stavitelné v rastru 25 mm, dvouplášťové křídlové dveře s cylindrickým zámkem a tříbodovým uzamykacím mechanismem, barva korpusu světle šedá RAL 7035, dveře/čela zásuvek volitelně, práškově lakováno</p>
