{"id":14095,"date":"2025-04-18T17:55:04","date_gmt":"2025-04-18T15:55:04","guid":{"rendered":"https:\/\/wptest.divikom.eu\/p\/werkzeugschrank-niedrig-117-cm-1-fachboden-3-schubladen\/"},"modified":"2026-08-28T12:52:00","modified_gmt":"2026-08-28T10:52:00","slug":"nizka-skrin-na-naradi-117-cm-1-police-3-zasuvky","status":"publish","type":"product","link":"https:\/\/www.divikom.eu\/cs\/p\/werkzeugschrank-niedrig-117-cm-1-fachboden-3-schubladen\/","title":{"rendered":"N\u00edzk\u00e1 n\u00e1\u0159a\u010fov\u00e1 sk\u0159\u00ed\u0148 117 cm, 1 police + 3 z\u00e1suvky"},"content":{"rendered":"<p>N\u00e1\u0159a\u010fov\u00e1 sk\u0159\u00ed\u0148, rozm\u011bry: 1170 \u00d7 490 \u00d7 500 mm (V \u00d7 \u0160 \u00d7 H), odkl\u00e1dac\u00ed plocha s gumovou v\u00fdpln\u00ed a r\u00e1mem, 1 police, nosnost 80 kg\/police, v\u00fd\u0161kov\u011b staviteln\u00e1 v rastru 25 mm, z\u00e1suvky: 2\u00d7 2U, 1\u00d7 4U, nosnost 40 kg, v\u00fdsuv 100%, dvoupl\u00e1\u0161\u0165ov\u00e9 dve\u0159e s cylindrick\u00fdm z\u00e1mkem a t\u0159\u00edbodov\u00fdm uzamykac\u00edm mechanismem, barva korpusu sv\u011btle \u0161ed\u00e1 RAL 7035, dve\u0159e\/\u010dela z\u00e1suvek voliteln\u011b, pr\u00e1\u0161kov\u011b lakov\u00e1no<\/p>","protected":false},"excerpt":{"rendered":"<p>N\u00e1\u0159a\u010fov\u00e1 sk\u0159\u00ed\u0148, rozm\u011bry: 1170 \u00d7 490 \u00d7 500 mm (V \u00d7 \u0160 \u00d7 H), odkl\u00e1dac\u00ed plocha s gumovou v\u00fdpln\u00ed a r\u00e1mem, 1 police, nosnost 80 kg\/police, v\u00fd\u0161kov\u011b staviteln\u00e1 v rastru 25 mm, z\u00e1suvky: 2\u00d7 2U, 1\u00d7 4U, nosnost 40 kg, v\u00fdsuv 100%, dvoupl\u00e1\u0161\u0165ov\u00e9 dve\u0159e s cylindrick\u00fdm z\u00e1mkem a t\u0159\u00edbodov\u00fdm uzamykac\u00edm mechanismem, barva korpusu sv\u011btle \u0161ed\u00e1 RAL 7035, dve\u0159e\/\u010dela z\u00e1suvek voliteln\u011b, pr\u00e1\u0161kov\u011b lakov\u00e1no<\/p>","protected":false},"featured_media":14096,"comment_status":"open","ping_status":"open","template":"","meta":[],"product_brand":[544],"product_cat":[563],"product_tag":[],"class_list":["post-14095","product","type-product","status-publish","has-post-thumbnail","product_brand-divikom-stahlmoebel","product_cat-werkzeugschraenke-dsu-b49","pa_auszug-100-auszug-traglast-40-kg","pa_breite-562","pa_hoehe-1170-mm","pa_tuer-farbe-ral5012","pa_tuer-farbe-ral3000","pa_tuer-farbe-ral1023","pa_tuer-farbe-ral2004","pa_tuer-farbe-ral5009","pa_tuer-farbe-ral5010","pa_tuer-farbe-ral6024","pa_tuer-farbe-ral7016","pa_tuer-farbe-ral7035","first","instock","taxable","shipping-taxable","purchasable","product-type-variable"],"_links":{"self":[{"href":"https:\/\/www.divikom.eu\/cs\/wp-json\/wp\/v2\/product\/14095","targetHints":{"allow":["GET"]}}],"collection":[{"href":"https:\/\/www.divikom.eu\/cs\/wp-json\/wp\/v2\/product"}],"about":[{"href":"https:\/\/www.divikom.eu\/cs\/wp-json\/wp\/v2\/types\/product"}],"replies":[{"embeddable":true,"href":"https:\/\/www.divikom.eu\/cs\/wp-json\/wp\/v2\/comments?post=14095"}],"wp:featuredmedia":[{"embeddable":true,"href":"https:\/\/www.divikom.eu\/cs\/wp-json\/wp\/v2\/media\/14096"}],"wp:attachment":[{"href":"https:\/\/www.divikom.eu\/cs\/wp-json\/wp\/v2\/media?parent=14095"}],"wp:term":[{"taxonomy":"product_brand","embeddable":true,"href":"https:\/\/www.divikom.eu\/cs\/wp-json\/wp\/v2\/product_brand?post=14095"},{"taxonomy":"product_cat","embeddable":true,"href":"https:\/\/www.divikom.eu\/cs\/wp-json\/wp\/v2\/product_cat?post=14095"},{"taxonomy":"product_tag","embeddable":true,"href":"https:\/\/www.divikom.eu\/cs\/wp-json\/wp\/v2\/product_tag?post=14095"}],"curies":[{"name":"wp","href":"https:\/\/api.w.org\/{rel}","templated":true}]}}

Nízká nářaďová skříň 117 cm, 1 police + 3 zásuvky

<p>Nářaďová skříň, rozměry: 1170 × 490 × 500 mm (V × Š × H), odkládací plocha s gumovou výplní a rámem, 1 police, nosnost 80 kg/police, výškově stavitelná v rastru 25 mm, zásuvky: 2× 2U, 1× 4U, nosnost 40 kg, výsuv 100%, dvouplášťové dveře s cylindrickým zámkem a tříbodovým uzamykacím mechanismem, barva korpusu světle šedá RAL 7035, dveře/čela zásuvek volitelně, práškově lakováno</p>
