{"id":13938,"date":"2025-04-18T14:37:54","date_gmt":"2025-04-18T12:37:54","guid":{"rendered":"https:\/\/wptest.divikom.eu\/p\/haengeschubladenblock-36x55x60-cm-2-schubladen\/"},"modified":"2026-08-28T12:52:02","modified_gmt":"2026-08-28T10:52:02","slug":"zavesny-kontejner-36-x-55-x-60-cm-2-zasuvky","status":"publish","type":"product","link":"https:\/\/www.divikom.eu\/cs\/p\/haengeschubladenblock-36x55x60-cm-2-schubladen\/","title":{"rendered":"Z\u00e1v\u011bsn\u00fd z\u00e1suvkov\u00fd kontejner 36 \u00d7 55 \u00d7 60 cm, 2 z\u00e1suvky"},"content":{"rendered":"<p>351 \u00d7 555 \u00d7 600 mm (V \u00d7 \u0160 \u00d7 H), z\u00e1v\u011bsn\u00fd blok se dv\u011bma z\u00e1suvkami, 2\u00d7 z\u00e1suvka 3U, v\u00fdsuv 80%, nosnost 90 kg\/z\u00e1suvku, centr\u00e1ln\u00ed uzamyk\u00e1n\u00ed s cylindrick\u00fdm z\u00e1mkem, blokace v\u00fdsuvu z\u00e1suvek, pohodln\u00e1 hlin\u00edkov\u00e1 \u00fachytov\u00e1 li\u0161ta s popisov\u00fdm polem, korpus sv\u011btle \u0161ed\u00fd RAL 7035 \/ \u010dela z\u00e1suvek voliteln\u00e1, pr\u00e1\u0161kov\u011b lakov\u00e1no<\/p>","protected":false},"excerpt":{"rendered":"<p>351 \u00d7 555 \u00d7 600 mm (V \u00d7 \u0160 \u00d7 H), z\u00e1v\u011bsn\u00fd blok se dv\u011bma z\u00e1suvkami, 2\u00d7 z\u00e1suvka 3U, v\u00fdsuv 80%, nosnost 90 kg\/z\u00e1suvku, centr\u00e1ln\u00ed uzamyk\u00e1n\u00ed s cylindrick\u00fdm z\u00e1mkem, blokace v\u00fdsuvu z\u00e1suvek, pohodln\u00e1 hlin\u00edkov\u00e1 \u00fachytov\u00e1 li\u0161ta s popisov\u00fdm polem, korpus sv\u011btle \u0161ed\u00fd RAL 7035 \/ \u010dela z\u00e1suvek voliteln\u00e1, pr\u00e1\u0161kov\u011b lakov\u00e1no<\/p>","protected":false},"featured_media":13939,"comment_status":"open","ping_status":"open","template":"","meta":[],"product_brand":[544],"product_cat":[561],"product_tag":[],"class_list":["post-13938","product","type-product","status-publish","has-post-thumbnail","product_brand-divikom-stahlmoebel","product_cat-haengeschubladenbloecke-dkp","pa_auszug-100-auszug-traglast-65-kg","pa_auszug-80-auszug-traglast-90-kg","pa_breite-556","pa_hoehe-560","pa_tuer-farbe-ral6024","pa_tuer-farbe-ral7016","pa_tuer-farbe-ral7035","pa_tuer-farbe-ral5012","pa_tuer-farbe-ral3000","pa_tuer-farbe-ral1023","pa_tuer-farbe-ral2004","pa_tuer-farbe-ral5009","pa_tuer-farbe-ral5010","first","instock","taxable","shipping-taxable","purchasable","product-type-variable","has-default-attributes"],"_links":{"self":[{"href":"https:\/\/www.divikom.eu\/cs\/wp-json\/wp\/v2\/product\/13938","targetHints":{"allow":["GET"]}}],"collection":[{"href":"https:\/\/www.divikom.eu\/cs\/wp-json\/wp\/v2\/product"}],"about":[{"href":"https:\/\/www.divikom.eu\/cs\/wp-json\/wp\/v2\/types\/product"}],"replies":[{"embeddable":true,"href":"https:\/\/www.divikom.eu\/cs\/wp-json\/wp\/v2\/comments?post=13938"}],"wp:featuredmedia":[{"embeddable":true,"href":"https:\/\/www.divikom.eu\/cs\/wp-json\/wp\/v2\/media\/13939"}],"wp:attachment":[{"href":"https:\/\/www.divikom.eu\/cs\/wp-json\/wp\/v2\/media?parent=13938"}],"wp:term":[{"taxonomy":"product_brand","embeddable":true,"href":"https:\/\/www.divikom.eu\/cs\/wp-json\/wp\/v2\/product_brand?post=13938"},{"taxonomy":"product_cat","embeddable":true,"href":"https:\/\/www.divikom.eu\/cs\/wp-json\/wp\/v2\/product_cat?post=13938"},{"taxonomy":"product_tag","embeddable":true,"href":"https:\/\/www.divikom.eu\/cs\/wp-json\/wp\/v2\/product_tag?post=13938"}],"curies":[{"name":"wp","href":"https:\/\/api.w.org\/{rel}","templated":true}]}}

Závěsný zásuvkový kontejner 36 × 55 × 60 cm, 2 zásuvky

<p>351 × 555 × 600 mm (V × Š × H), závěsný blok se dvěma zásuvkami, 2× zásuvka 3U, výsuv 80%, nosnost 90 kg/zásuvku, centrální uzamykání s cylindrickým zámkem, blokace výsuvu zásuvek, pohodlná hliníková úchytová lišta s popisovým polem, korpus světle šedý RAL 7035 / čela zásuvek volitelná, práškově lakováno</p>
