{"id":13702,"date":"2025-04-18T14:34:02","date_gmt":"2025-04-18T12:34:02","guid":{"rendered":"https:\/\/wptest.divikom.eu\/p\/schubladenschrank-fahrbar-82x55x68-cm-4-schubladen\/"},"modified":"2026-08-28T12:52:04","modified_gmt":"2026-08-28T10:52:04","slug":"pojizdna-zasuvkova-skrinka-82-x-55-x-68-cm-4-zasuvky","status":"publish","type":"product","link":"https:\/\/www.divikom.eu\/cs\/p\/schubladenschrank-fahrbar-82x55x68-cm-4-schubladen\/","title":{"rendered":"Poj\u00edzdn\u00e1 z\u00e1suvkov\u00e1 sk\u0159\u00ed\u0148ka 82 \u00d7 55 \u00d7 68 cm, 4 z\u00e1suvky"},"content":{"rendered":"<p>820 \u00d7 555 \u00d7 680 mm (v \u00d7 \u0161 \u00d7 h), poj\u00edzdn\u00e1 sk\u0159\u00ed\u0148 se z\u00e1suvkami, z\u00e1suvky: 1\u00d72U, 2\u00d73U, 1\u00d75U, pln\u00fd v\u00fdsuv 80%, nosnost 90 kg\/z\u00e1suvka, komfortn\u00ed hlin\u00edkov\u00e1 \u00fachytov\u00e1 li\u0161ta s popisovac\u00edm polem, centr\u00e1ln\u00ed zamyk\u00e1n\u00ed s cylindrick\u00fdm z\u00e1mkem, zaji\u0161t\u011bn\u00ed proti p\u0159evr\u00e1cen\u00ed, horn\u00ed odkl\u00e1dac\u00ed deska s gumovou podlo\u017ekou a li\u0161tou proti vypadnut\u00ed drobn\u00fdch p\u0159edm\u011bt\u016f, madlo, 2\u00d7 pevn\u00e1 kole\u010dka, 2\u00d7 oto\u010dn\u00e1 kole\u010dka s brzdou, korpus sv\u011btle \u0161ed\u00fd RAL7035 \/ \u010dela z\u00e1suvek voliteln\u00e1, pr\u00e1\u0161kov\u011b lakov\u00e1no<\/p>","protected":false},"excerpt":{"rendered":"<p>820 \u00d7 555 \u00d7 680 mm (v \u00d7 \u0161 \u00d7 h), poj\u00edzdn\u00e1 sk\u0159\u00ed\u0148 se z\u00e1suvkami, z\u00e1suvky: 1\u00d72U, 2\u00d73U, 1\u00d75U, pln\u00fd v\u00fdsuv 80%, nosnost 90 kg\/z\u00e1suvka, komfortn\u00ed hlin\u00edkov\u00e1 \u00fachytov\u00e1 li\u0161ta s popisovac\u00edm polem, centr\u00e1ln\u00ed zamyk\u00e1n\u00ed s cylindrick\u00fdm z\u00e1mkem, zaji\u0161t\u011bn\u00ed proti p\u0159evr\u00e1cen\u00ed, horn\u00ed odkl\u00e1dac\u00ed deska s gumovou podlo\u017ekou a li\u0161tou proti vypadnut\u00ed drobn\u00fdch p\u0159edm\u011bt\u016f, madlo, 2\u00d7 pevn\u00e1 kole\u010dka, 2\u00d7 oto\u010dn\u00e1 kole\u010dka s brzdou, korpus sv\u011btle \u0161ed\u00fd RAL7035 \/ \u010dela z\u00e1suvek voliteln\u00e1, pr\u00e1\u0161kov\u011b lakov\u00e1no<\/p>","protected":false},"featured_media":13703,"comment_status":"open","ping_status":"open","template":"","meta":[],"product_brand":[544],"product_cat":[545],"product_tag":[],"class_list":["post-13702","product","type-product","status-publish","has-post-thumbnail","product_brand-divikom-stahlmoebel","product_cat-schubladenschraenke-mobil","pa_auszug-100-auszug-traglast-65-kg","pa_auszug-80-auszug-traglast-90-kg","pa_breite-556","pa_hoehe-555","pa_tuer-farbe-ral2004","pa_tuer-farbe-ral5009","pa_tuer-farbe-ral5010","pa_tuer-farbe-ral6024","pa_tuer-farbe-ral7016","pa_tuer-farbe-ral7035","pa_tuer-farbe-ral5012","pa_tuer-farbe-ral3000","pa_tuer-farbe-ral1023","first","instock","taxable","shipping-taxable","purchasable","product-type-variable","has-default-attributes"],"_links":{"self":[{"href":"https:\/\/www.divikom.eu\/cs\/wp-json\/wp\/v2\/product\/13702","targetHints":{"allow":["GET"]}}],"collection":[{"href":"https:\/\/www.divikom.eu\/cs\/wp-json\/wp\/v2\/product"}],"about":[{"href":"https:\/\/www.divikom.eu\/cs\/wp-json\/wp\/v2\/types\/product"}],"replies":[{"embeddable":true,"href":"https:\/\/www.divikom.eu\/cs\/wp-json\/wp\/v2\/comments?post=13702"}],"wp:featuredmedia":[{"embeddable":true,"href":"https:\/\/www.divikom.eu\/cs\/wp-json\/wp\/v2\/media\/13703"}],"wp:attachment":[{"href":"https:\/\/www.divikom.eu\/cs\/wp-json\/wp\/v2\/media?parent=13702"}],"wp:term":[{"taxonomy":"product_brand","embeddable":true,"href":"https:\/\/www.divikom.eu\/cs\/wp-json\/wp\/v2\/product_brand?post=13702"},{"taxonomy":"product_cat","embeddable":true,"href":"https:\/\/www.divikom.eu\/cs\/wp-json\/wp\/v2\/product_cat?post=13702"},{"taxonomy":"product_tag","embeddable":true,"href":"https:\/\/www.divikom.eu\/cs\/wp-json\/wp\/v2\/product_tag?post=13702"}],"curies":[{"name":"wp","href":"https:\/\/api.w.org\/{rel}","templated":true}]}}

Pojízdná zásuvková skříňka 82 × 55 × 68 cm, 4 zásuvky

<p>820 × 555 × 680 mm (v × š × h), pojízdná skříň se zásuvkami, zásuvky: 1×2U, 2×3U, 1×5U, plný výsuv 80%, nosnost 90 kg/zásuvka, komfortní hliníková úchytová lišta s popisovacím polem, centrální zamykání s cylindrickým zámkem, zajištění proti převrácení, horní odkládací deska s gumovou podložkou a lištou proti vypadnutí drobných předmětů, madlo, 2× pevná kolečka, 2× otočná kolečka s brzdou, korpus světle šedý RAL7035 / čela zásuvek volitelná, práškově lakováno</p>
